Last updated on 2025-11-11 23:51:29 CET.
| Flavor | Version | Tinstall | Tcheck | Ttotal | Status | Flags |
|---|---|---|---|---|---|---|
| r-devel-linux-x86_64-debian-clang | 0.1.0 | 19.33 | 155.79 | 175.12 | NOTE | |
| r-devel-linux-x86_64-debian-gcc | 0.1.0 | 14.27 | 109.09 | 123.36 | NOTE | |
| r-devel-linux-x86_64-fedora-clang | 0.1.0 | 95.00 | 191.27 | 286.27 | NOTE | |
| r-devel-linux-x86_64-fedora-gcc | 0.1.0 | 45.00 | 213.39 | 258.39 | NOTE | |
| r-devel-windows-x86_64 | 0.1.0 | 23.00 | 142.00 | 165.00 | NOTE | |
| r-patched-linux-x86_64 | 0.1.0 | 20.15 | 145.49 | 165.64 | NOTE | |
| r-release-linux-x86_64 | 0.1.0 | 20.34 | 145.79 | 166.13 | NOTE | |
| r-release-macos-arm64 | 0.1.0 | 8.00 | 57.00 | 65.00 | NOTE | |
| r-release-macos-x86_64 | 0.1.0 | 19.00 | 135.00 | 154.00 | NOTE | |
| r-release-windows-x86_64 | 0.1.0 | 22.00 | 139.00 | 161.00 | NOTE | |
| r-oldrel-macos-arm64 | 0.1.0 | 11.00 | 77.00 | 88.00 | NOTE | |
| r-oldrel-macos-x86_64 | 0.1.0 | 15.00 | 105.00 | 120.00 | NOTE | |
| r-oldrel-windows-x86_64 | 0.1.0 | 29.00 | 188.00 | 217.00 | NOTE |
Version: 0.1.0
Check: package subdirectories
Result: NOTE
Problems with news in ‘NEWS.md’:
Cannot extract version info from the following section titles:
INSPECTumours (development version)
Flavors: r-devel-linux-x86_64-debian-clang, r-devel-linux-x86_64-debian-gcc, r-devel-linux-x86_64-fedora-clang, r-devel-linux-x86_64-fedora-gcc, r-devel-windows-x86_64, r-patched-linux-x86_64, r-release-linux-x86_64, r-release-macos-arm64, r-release-macos-x86_64, r-release-windows-x86_64, r-oldrel-macos-arm64, r-oldrel-macos-x86_64, r-oldrel-windows-x86_64