CRAN Package Check Results for Package ICED

Last updated on 2025-11-12 02:52:59 CET.

Flavor Version Tinstall Tcheck Ttotal Status Flags
r-devel-linux-x86_64-debian-clang 0.0.1 3.06 45.38 48.44 NOTE
r-devel-linux-x86_64-debian-gcc 0.0.1 3.02 34.30 37.32 NOTE
r-devel-linux-x86_64-fedora-clang 0.0.1 23.00 56.50 79.50 NOTE
r-devel-linux-x86_64-fedora-gcc 0.0.1 84.14 NOTE
r-devel-windows-x86_64 0.0.1 6.00 62.00 68.00 OK
r-patched-linux-x86_64 0.0.1 3.81 46.08 49.89 OK
r-release-linux-x86_64 0.0.1 3.48 45.91 49.39 OK
r-release-macos-arm64 0.0.1 2.00 45.00 47.00 OK
r-release-macos-x86_64 0.0.1 7.00 65.00 72.00 OK
r-release-windows-x86_64 0.0.1 5.00 61.00 66.00 OK
r-oldrel-macos-arm64 0.0.1 2.00 25.00 27.00 OK
r-oldrel-macos-x86_64 0.0.1 3.00 43.00 46.00 OK
r-oldrel-windows-x86_64 0.0.1 9.00 80.00 89.00 OK

Check Details

Version: 0.0.1
Check: CRAN incoming feasibility
Result: NOTE Maintainer: ‘Sam Parsons <sam.parsons@radboudumc.nl>’ Package CITATION file contains call(s) to old-style personList() or as.personList(). Please use c() on person objects instead. Package CITATION file contains call(s) to old-style citEntry(). Please use bibentry() instead. The BugReports field in DESCRIPTION has https://github.com/sdparsons/ICED which should likely be https://github.com/sdparsons/ICED/issues instead. Flavors: r-devel-linux-x86_64-debian-clang, r-devel-linux-x86_64-debian-gcc

Version: 0.0.1
Check: dependencies in R code
Result: NOTE Namespace in Imports field not imported from: ‘knitr’ All declared Imports should be used. Flavors: r-devel-linux-x86_64-fedora-clang, r-devel-linux-x86_64-fedora-gcc