Last updated on 2025-11-12 02:52:58 CET.
| Flavor | Version | Tinstall | Tcheck | Ttotal | Status | Flags |
|---|---|---|---|---|---|---|
| r-devel-linux-x86_64-debian-clang | 0.1.3 | 28.58 | 120.18 | 148.76 | NOTE | |
| r-devel-linux-x86_64-debian-gcc | 0.1.3 | 24.18 | 91.79 | 115.97 | NOTE | |
| r-devel-linux-x86_64-fedora-clang | 0.1.3 | 94.00 | 134.84 | 228.84 | OK | |
| r-devel-linux-x86_64-fedora-gcc | 0.1.3 | 62.00 | 162.49 | 224.49 | OK | |
| r-devel-windows-x86_64 | 0.1.3 | 24.00 | 108.00 | 132.00 | OK | |
| r-patched-linux-x86_64 | 0.1.3 | 28.47 | 116.29 | 144.76 | OK | |
| r-release-linux-x86_64 | 0.1.3 | 32.89 | 115.91 | 148.80 | OK | |
| r-release-macos-arm64 | 0.1.3 | 11.00 | 41.00 | 52.00 | OK | |
| r-release-macos-x86_64 | 0.1.3 | 20.00 | 90.00 | 110.00 | OK | |
| r-release-windows-x86_64 | 0.1.3 | 25.00 | 107.00 | 132.00 | OK | |
| r-oldrel-macos-arm64 | 0.1.3 | 11.00 | 44.00 | 55.00 | NOTE | |
| r-oldrel-macos-x86_64 | 0.1.3 | 28.00 | 100.00 | 128.00 | NOTE | |
| r-oldrel-windows-x86_64 | 0.1.3 | 36.00 | 136.00 | 172.00 | NOTE |
Version: 0.1.3
Check: CRAN incoming feasibility
Result: NOTE
Maintainer: ‘David A. Schoenfeld <dschoenfeld@mgh.harvard.edu>’
No Authors@R field in DESCRIPTION.
Please add one, modifying
Authors@R: person(given = c("David", "A."),
family = "Schoenfeld",
role = c("aut", "cre"),
email = "dschoenfeld@mgh.harvard.edu")
as necessary.
Flavors: r-devel-linux-x86_64-debian-clang, r-devel-linux-x86_64-debian-gcc
Version: 0.1.3
Check: installed package size
Result: NOTE
installed size is 7.4Mb
sub-directories of 1Mb or more:
data 7.3Mb
Flavors: r-oldrel-macos-arm64, r-oldrel-macos-x86_64, r-oldrel-windows-x86_64