CRAN Package Check Results for Package GSDA

Last updated on 2025-11-12 01:49:00 CET.

Flavor Version Tinstall Tcheck Ttotal Status Flags
r-devel-linux-x86_64-debian-clang 1.0 4.69 43.71 48.40 NOTE
r-devel-linux-x86_64-debian-gcc 1.0 3.44 32.78 36.22 NOTE
r-devel-linux-x86_64-fedora-clang 1.0 13.00 59.91 72.91 OK
r-devel-linux-x86_64-fedora-gcc 1.0 11.00 72.02 83.02 OK
r-devel-windows-x86_64 1.0 7.00 59.00 66.00 OK
r-patched-linux-x86_64 1.0 4.78 41.13 45.91 OK
r-release-linux-x86_64 1.0 4.57 41.31 45.88 OK
r-release-macos-arm64 1.0 2.00 29.00 31.00 OK
r-release-macos-x86_64 1.0 5.00 66.00 71.00 OK
r-release-windows-x86_64 1.0 7.00 60.00 67.00 OK
r-oldrel-macos-arm64 1.0 2.00 29.00 31.00 OK
r-oldrel-macos-x86_64 1.0 3.00 43.00 46.00 OK
r-oldrel-windows-x86_64 1.0 8.00 71.00 79.00 OK

Check Details

Version: 1.0
Check: CRAN incoming feasibility
Result: NOTE Maintainer: ‘Xueyuan Cao <xcao12@uthsc.edu>’ Found the following \keyword or \concept entries which likely give several index terms: File ‘gsda.Rd’: \keyword{association;} \keyword{enrichment;} Flavors: r-devel-linux-x86_64-debian-clang, r-devel-linux-x86_64-debian-gcc