Last updated on 2025-11-12 01:48:59 CET.
| Flavor | Version | Tinstall | Tcheck | Ttotal | Status | Flags |
|---|---|---|---|---|---|---|
| r-devel-linux-x86_64-debian-clang | 1.4.0 | 9.10 | 72.50 | 81.60 | NOTE | |
| r-devel-linux-x86_64-debian-gcc | 1.4.0 | 7.94 | 60.18 | 68.12 | NOTE | |
| r-devel-linux-x86_64-fedora-clang | 1.4.0 | 23.00 | 103.20 | 126.20 | OK | |
| r-devel-linux-x86_64-fedora-gcc | 1.4.0 | 28.00 | 98.55 | 126.55 | OK | |
| r-devel-windows-x86_64 | 1.4.0 | 11.00 | 70.00 | 81.00 | OK | |
| r-patched-linux-x86_64 | 1.4.0 | 8.64 | 62.71 | 71.35 | OK | |
| r-release-linux-x86_64 | 1.4.0 | 8.35 | 62.52 | 70.87 | OK | |
| r-release-macos-arm64 | 1.4.0 | 9.00 | 52.00 | 61.00 | OK | |
| r-release-macos-x86_64 | 1.4.0 | 8.00 | 59.00 | 67.00 | OK | |
| r-release-windows-x86_64 | 1.4.0 | 11.00 | 69.00 | 80.00 | OK | |
| r-oldrel-macos-arm64 | 1.4.0 | 5.00 | 35.00 | 40.00 | OK | |
| r-oldrel-macos-x86_64 | 1.4.0 | 7.00 | 47.00 | 54.00 | OK | |
| r-oldrel-windows-x86_64 | 1.4.0 | 13.00 | 85.00 | 98.00 | OK |
Version: 1.4.0
Check: CRAN incoming feasibility
Result: NOTE
Maintainer: ‘Justin Clapp <justin.clapp@wyo.gov>’
No Authors@R field in DESCRIPTION.
Please add one, modifying
Authors@R: c(person(family = "Clapp",
role = "aut"),
person(given = "J.",
family = "G.",
role = "aut"),
person(given = "Justin",
family = "Clapp",
role = "cre",
email = "justin.clapp@wyo.gov"))
as necessary.
Flavors: r-devel-linux-x86_64-debian-clang, r-devel-linux-x86_64-debian-gcc