CRAN Package Check Results for Package GPRMortality

Last updated on 2025-11-12 02:52:58 CET.

Flavor Version Tinstall Tcheck Ttotal Status Flags
r-devel-linux-x86_64-debian-clang 0.1.0 21.78 113.52 135.30 NOTE
r-devel-linux-x86_64-debian-gcc 0.1.0 16.70 84.01 100.71 NOTE
r-devel-linux-x86_64-fedora-clang 0.1.0 41.00 158.84 199.84 OK
r-devel-linux-x86_64-fedora-gcc 0.1.0 62.00 135.92 197.92 OK
r-devel-windows-x86_64 0.1.0 17.00 101.00 118.00 OK
r-patched-linux-x86_64 0.1.0 23.21 108.47 131.68 OK
r-release-linux-x86_64 0.1.0 21.88 108.81 130.69 OK
r-release-macos-arm64 0.1.0 6.00 39.00 45.00 OK
r-release-macos-x86_64 0.1.0 10.00 71.00 81.00 OK
r-release-windows-x86_64 0.1.0 16.00 100.00 116.00 OK
r-oldrel-macos-arm64 0.1.0 5.00 39.00 44.00 OK
r-oldrel-macos-x86_64 0.1.0 13.00 80.00 93.00 OK
r-oldrel-windows-x86_64 0.1.0 23.00 123.00 146.00 OK

Check Details

Version: 0.1.0
Check: CRAN incoming feasibility
Result: NOTE Maintainer: ‘Ali Ghanbari <a.ghanbari541@gmail.com>’ No Authors@R field in DESCRIPTION. Please add one, modifying Authors@R: c(person(given = "Parinaz", family = "Mehdipour", role = "aut", email = "mehdipoor.p@gmail.com"), person(given = "Ali", family = "Ghanbari", role = c("cre", "aut"), email = "a.ghanbari541@gmail.com"), person(given = "Iman", family = "Navidi", role = "aut", email = "iman.navidi.1988@gmail.com"), person(given = "Farshad", family = "Farzadfar", role = "cph", email = "farzadfar3@yahoo.com")) as necessary. Flavors: r-devel-linux-x86_64-debian-clang, r-devel-linux-x86_64-debian-gcc