CRAN Package Check Results for Package FlexScan

Last updated on 2025-11-12 02:52:56 CET.

Flavor Version Tinstall Tcheck Ttotal Status Flags
r-devel-linux-x86_64-debian-clang 0.2.2 7.66 77.57 85.23 NOTE
r-devel-linux-x86_64-debian-gcc 0.2.2 7.08 59.40 66.48 NOTE
r-devel-linux-x86_64-fedora-clang 0.2.2 22.00 112.14 134.14 OK
r-devel-linux-x86_64-fedora-gcc 0.2.2 23.00 108.96 131.96 OK
r-devel-windows-x86_64 0.2.2 11.00 79.00 90.00 OK
r-patched-linux-x86_64 0.2.2 9.53 75.27 84.80 OK
r-release-linux-x86_64 0.2.2 9.73 74.35 84.08 OK
r-release-macos-arm64 0.2.2 5.00 40.00 45.00 OK
r-release-macos-x86_64 0.2.2 9.00 72.00 81.00 OK
r-release-windows-x86_64 0.2.2 10.00 78.00 88.00 OK
r-oldrel-macos-arm64 0.2.2 5.00 32.00 37.00 OK
r-oldrel-macos-x86_64 0.2.2 7.00 52.00 59.00 OK
r-oldrel-windows-x86_64 0.2.2 14.00 99.00 113.00 OK

Check Details

Version: 0.2.2
Check: CRAN incoming feasibility
Result: NOTE Maintainer: ‘Zhicheng Du <dgdzc@hotmail.com>’ No Authors@R field in DESCRIPTION. Please add one, modifying Authors@R: c(person(given = "Zhicheng", family = "Du", role = c("aut", "cre"), email = "dgdzc@hotmail.com"), person(given = "Yuantao", family = "Hao", role = "aut")) as necessary. Flavors: r-devel-linux-x86_64-debian-clang, r-devel-linux-x86_64-debian-gcc