Last updated on 2025-11-12 02:52:56 CET.
| Flavor | Version | Tinstall | Tcheck | Ttotal | Status | Flags |
|---|---|---|---|---|---|---|
| r-devel-linux-x86_64-debian-clang | 0.1.1 | 7.25 | 43.95 | 51.20 | OK | |
| r-devel-linux-x86_64-debian-gcc | 0.1.1 | 4.88 | 30.10 | 34.98 | OK | |
| r-devel-linux-x86_64-fedora-clang | 0.1.1 | 17.00 | 57.53 | 74.53 | OK | |
| r-devel-linux-x86_64-fedora-gcc | 0.1.1 | 15.00 | 59.28 | 74.28 | OK | |
| r-devel-windows-x86_64 | 0.1.1 | 7.00 | 57.00 | 64.00 | OK | |
| r-patched-linux-x86_64 | 0.1.1 | 8.52 | 40.98 | 49.50 | OK | |
| r-release-linux-x86_64 | 0.1.1 | 7.81 | 41.75 | 49.56 | OK | |
| r-release-macos-arm64 | 0.1.1 | 3.00 | 18.00 | 21.00 | OK | |
| r-release-macos-x86_64 | 0.1.1 | 6.00 | 33.00 | 39.00 | OK | |
| r-release-windows-x86_64 | 0.1.1 | 9.00 | 56.00 | 65.00 | OK | |
| r-oldrel-macos-arm64 | 0.1.1 | 3.00 | 19.00 | 22.00 | NOTE | |
| r-oldrel-macos-x86_64 | 0.1.1 | 5.00 | 30.00 | 35.00 | NOTE | |
| r-oldrel-windows-x86_64 | 0.1.1 | 8.00 | 57.00 | 65.00 | NOTE |
Version: 0.1.1
Check: LazyData
Result: NOTE
'LazyData' is specified without a 'data' directory
Flavors: r-oldrel-macos-arm64, r-oldrel-macos-x86_64, r-oldrel-windows-x86_64