Last updated on 2025-11-12 01:48:57 CET.
| Flavor | Version | Tinstall | Tcheck | Ttotal | Status | Flags |
|---|---|---|---|---|---|---|
| r-devel-linux-x86_64-debian-clang | 0.2.2 | 9.49 | 169.74 | 179.23 | NOTE | |
| r-devel-linux-x86_64-debian-gcc | 0.2.2 | 7.05 | 121.43 | 128.48 | NOTE | |
| r-devel-linux-x86_64-fedora-clang | 0.2.2 | 48.00 | 223.43 | 271.43 | OK | |
| r-devel-linux-x86_64-fedora-gcc | 0.2.2 | 46.00 | 232.87 | 278.87 | OK | |
| r-devel-windows-x86_64 | 0.2.2 | 31.00 | 144.00 | 175.00 | OK | |
| r-patched-linux-x86_64 | 0.2.2 | 10.89 | 161.90 | 172.79 | OK | |
| r-release-linux-x86_64 | 0.2.2 | 10.46 | 161.89 | 172.35 | OK | |
| r-release-macos-arm64 | 0.2.2 | 5.00 | 81.00 | 86.00 | OK | |
| r-release-macos-x86_64 | 0.2.2 | 9.00 | 172.00 | 181.00 | OK | |
| r-release-windows-x86_64 | 0.2.2 | 11.00 | 149.00 | 160.00 | OK | |
| r-oldrel-macos-arm64 | 0.2.2 | 5.00 | 73.00 | 78.00 | OK | |
| r-oldrel-macos-x86_64 | 0.2.2 | 7.00 | 138.00 | 145.00 | OK | |
| r-oldrel-windows-x86_64 | 0.2.2 | 17.00 | 180.00 | 197.00 | OK |
Version: 0.2.2
Check: CRAN incoming feasibility
Result: NOTE
Maintainer: ‘Dominic Grün <dominic.gruen@gmail.com>’
No Authors@R field in DESCRIPTION.
Please add one, modifying
Authors@R: person(given = "Dominic",
family = "Grün",
role = c("aut", "cre"),
email = "dominic.gruen@gmail.com")
as necessary.
Flavors: r-devel-linux-x86_64-debian-clang, r-devel-linux-x86_64-debian-gcc