Last updated on 2025-11-12 01:48:58 CET.
| Flavor | Version | Tinstall | Tcheck | Ttotal | Status | Flags |
|---|---|---|---|---|---|---|
| r-devel-linux-x86_64-debian-clang | 1.0.0 | 10.60 | 229.66 | 240.26 | NOTE | |
| r-devel-linux-x86_64-debian-gcc | 1.0.0 | 8.82 | 128.27 | 137.09 | NOTE | |
| r-devel-linux-x86_64-fedora-clang | 1.0.0 | 26.00 | 251.91 | 277.91 | NOTE | |
| r-devel-linux-x86_64-fedora-gcc | 1.0.0 | 24.00 | 301.31 | 325.31 | NOTE | |
| r-devel-windows-x86_64 | 1.0.0 | 14.00 | 460.00 | 474.00 | NOTE | |
| r-patched-linux-x86_64 | 1.0.0 | 11.88 | 279.06 | 290.94 | NOTE | |
| r-release-linux-x86_64 | 1.0.0 | 11.57 | 184.99 | 196.56 | NOTE | |
| r-release-macos-arm64 | 1.0.0 | 5.00 | 94.00 | 99.00 | NOTE | |
| r-release-macos-x86_64 | 1.0.0 | 10.00 | 171.00 | 181.00 | NOTE | |
| r-release-windows-x86_64 | 1.0.0 | 15.00 | 170.00 | 185.00 | NOTE | |
| r-oldrel-macos-arm64 | 1.0.0 | 5.00 | 66.00 | 71.00 | OK | |
| r-oldrel-macos-x86_64 | 1.0.0 | 11.00 | 107.00 | 118.00 | OK | |
| r-oldrel-windows-x86_64 | 1.0.0 | 17.00 | 214.00 | 231.00 | OK |
Version: 1.0.0
Check: DESCRIPTION meta-information
Result: NOTE
Missing dependency on R >= 4.1.0 because package code uses the pipe
|> or function shorthand \(...) syntax added in R 4.1.0.
File(s) using such syntax:
‘utility_fSACF.R’
Flavors: r-devel-linux-x86_64-debian-clang, r-devel-linux-x86_64-debian-gcc, r-devel-linux-x86_64-fedora-clang, r-devel-linux-x86_64-fedora-gcc, r-devel-windows-x86_64, r-patched-linux-x86_64, r-release-linux-x86_64, r-release-macos-arm64, r-release-macos-x86_64, r-release-windows-x86_64