CRAN Package Check Results for Package FPV

Last updated on 2025-11-12 02:52:56 CET.

Flavor Version Tinstall Tcheck Ttotal Status Flags
r-devel-linux-x86_64-debian-clang 0.5 1.72 30.89 32.61 NOTE
r-devel-linux-x86_64-debian-gcc 0.5 1.67 24.11 25.78 NOTE
r-devel-linux-x86_64-fedora-clang 0.5 50.51 OK
r-devel-linux-x86_64-fedora-gcc 0.5 48.40 OK
r-devel-windows-x86_64 0.5 4.00 47.00 51.00 OK
r-patched-linux-x86_64 0.5 2.03 29.37 31.40 OK
r-release-linux-x86_64 0.5 2.16 29.34 31.50 OK
r-release-macos-arm64 0.5 1.00 19.00 20.00 OK
r-release-macos-x86_64 0.5 3.00 30.00 33.00 OK
r-release-windows-x86_64 0.5 3.00 45.00 48.00 OK
r-oldrel-macos-arm64 0.5 1.00 17.00 18.00 OK
r-oldrel-macos-x86_64 0.5 2.00 25.00 27.00 OK
r-oldrel-windows-x86_64 0.5 4.00 49.00 53.00 OK

Check Details

Version: 0.5
Check: CRAN incoming feasibility
Result: NOTE Maintainer: ‘Abbas Parchami <parchami@uk.ac.ir>’ No Authors@R field in DESCRIPTION. Please add one, modifying Authors@R: person(given = "Abbas", family = "Parchami", role = c("aut", "cre"), email = "parchami@uk.ac.ir", comment = "Department of Statistics, Faculty of Mathematics and Computer, Shahid Bahonar University of Kerman, Kerman, Iran") as necessary. Flavors: r-devel-linux-x86_64-debian-clang, r-devel-linux-x86_64-debian-gcc