Last updated on 2025-11-12 02:52:56 CET.
| Flavor | Version | Tinstall | Tcheck | Ttotal | Status | Flags |
|---|---|---|---|---|---|---|
| r-devel-linux-x86_64-debian-clang | 0.1.0 | 1.57 | 18.12 | 19.69 | OK | |
| r-devel-linux-x86_64-debian-gcc | 0.1.0 | 1.46 | 15.31 | 16.77 | OK | |
| r-devel-linux-x86_64-fedora-clang | 0.1.0 | 28.83 | NOTE | |||
| r-devel-linux-x86_64-fedora-gcc | 0.1.0 | 27.55 | NOTE | |||
| r-devel-windows-x86_64 | 0.1.0 | 4.00 | 38.00 | 42.00 | OK | |
| r-patched-linux-x86_64 | 0.1.0 | 1.54 | 17.17 | 18.71 | OK | |
| r-release-linux-x86_64 | 0.1.0 | 1.57 | 17.01 | 18.58 | OK | |
| r-release-macos-arm64 | 0.1.0 | 1.00 | 16.00 | 17.00 | OK | |
| r-release-macos-x86_64 | 0.1.0 | 2.00 | 29.00 | 31.00 | OK | |
| r-release-windows-x86_64 | 0.1.0 | 4.00 | 36.00 | 40.00 | OK | |
| r-oldrel-macos-arm64 | 0.1.0 | 1.00 | 14.00 | 15.00 | OK | |
| r-oldrel-macos-x86_64 | 0.1.0 | 2.00 | 25.00 | 27.00 | OK | |
| r-oldrel-windows-x86_64 | 0.1.0 | 4.00 | 41.00 | 45.00 | OK |
Version: 0.1.0
Check: dependencies in R code
Result: NOTE
Namespace in Imports field not imported from: ‘dplyr’
All declared Imports should be used.
Flavors: r-devel-linux-x86_64-fedora-clang, r-devel-linux-x86_64-fedora-gcc