Last updated on 2025-11-12 02:52:56 CET.
| Flavor | Version | Tinstall | Tcheck | Ttotal | Status | Flags |
|---|---|---|---|---|---|---|
| r-devel-linux-x86_64-debian-clang | 1.0 | 5.33 | 32.39 | 37.72 | NOTE | |
| r-devel-linux-x86_64-debian-gcc | 1.0 | 3.22 | 23.93 | 27.15 | NOTE | |
| r-devel-linux-x86_64-fedora-clang | 1.0 | 13.00 | 45.55 | 58.55 | OK | |
| r-devel-linux-x86_64-fedora-gcc | 1.0 | 12.00 | 43.17 | 55.17 | OK | |
| r-devel-windows-x86_64 | 1.0 | 6.00 | 52.00 | 58.00 | OK | |
| r-patched-linux-x86_64 | 1.0 | 5.40 | 31.08 | 36.48 | OK | |
| r-release-linux-x86_64 | 1.0 | 5.12 | 30.78 | 35.90 | OK | |
| r-release-macos-arm64 | 1.0 | 2.00 | 17.00 | 19.00 | OK | |
| r-release-macos-x86_64 | 1.0 | 5.00 | 29.00 | 34.00 | OK | |
| r-release-windows-x86_64 | 1.0 | 6.00 | 48.00 | 54.00 | OK | |
| r-oldrel-macos-arm64 | 1.0 | 2.00 | 18.00 | 20.00 | OK | |
| r-oldrel-macos-x86_64 | 1.0 | 4.00 | 41.00 | 45.00 | OK | |
| r-oldrel-windows-x86_64 | 1.0 | 7.00 | 57.00 | 64.00 | OK |
Version: 1.0
Check: CRAN incoming feasibility
Result: NOTE
Maintainer: ‘Luis Benites Sanchez <lbenitesanchez@gmail.com>’
No Authors@R field in DESCRIPTION.
Please add one, modifying
Authors@R: c(person(given = c("Luis", "Benites"),
family = "Sanchez",
role = c("aut", "cre"),
email = "lbenitesanchez@gmail.com"),
person(given = c("Rocio", "Paola"),
family = "Maehara",
role = "aut"),
person(given = c("Victor", "Hugo"),
family = "Lachos",
role = "aut"))
as necessary.
Flavors: r-devel-linux-x86_64-debian-clang, r-devel-linux-x86_64-debian-gcc