Last updated on 2025-11-12 02:52:56 CET.
| Flavor | Version | Tinstall | Tcheck | Ttotal | Status | Flags |
|---|---|---|---|---|---|---|
| r-devel-linux-x86_64-debian-clang | 3.7.1 | 50.92 | 439.64 | 490.56 | NOTE | |
| r-devel-linux-x86_64-debian-gcc | 3.7.1 | 31.90 | 287.87 | 319.77 | NOTE | |
| r-devel-linux-x86_64-fedora-clang | 3.7.1 | 232.00 | 570.23 | 802.23 | NOTE | |
| r-devel-linux-x86_64-fedora-gcc | 3.7.1 | 114.00 | 613.66 | 727.66 | NOTE | |
| r-devel-windows-x86_64 | 3.7.1 | 51.00 | 349.00 | 400.00 | NOTE | |
| r-patched-linux-x86_64 | 3.7.1 | 54.08 | 415.67 | 469.75 | OK | |
| r-release-linux-x86_64 | 3.7.1 | 54.91 | 406.59 | 461.50 | OK | |
| r-release-macos-arm64 | 3.7.1 | 20.00 | 180.00 | 200.00 | OK | |
| r-release-macos-x86_64 | 3.7.1 | 43.00 | 181.00 | 224.00 | OK | |
| r-release-windows-x86_64 | 3.7.1 | 49.00 | 347.00 | 396.00 | OK | |
| r-oldrel-macos-arm64 | 3.7.1 | 17.00 | 159.00 | 176.00 | NOTE | |
| r-oldrel-macos-x86_64 | 3.7.1 | 35.00 | 186.00 | 221.00 | NOTE | |
| r-oldrel-windows-x86_64 | 3.7.1 | 75.00 | 472.00 | 547.00 | NOTE |
Version: 3.7.1
Check: Rd files
Result: NOTE
checkRd: (-1) modGBpop.Rd:210-219: Only 3 columns allowed in this table (row 1 has 2)
checkRd: (-1) modMAratio.Rd:144-159: Only 3 columns allowed in this table (row 4 has 2)
checkRd: (-1) modPB.Rd:137-155: Only 3 columns allowed in this table (row 7 has 1)
checkRd: (-1) modPB.Rd:157-184: Only 3 columns allowed in this table (row 14 has 1)
Flavors: r-devel-linux-x86_64-debian-clang, r-devel-linux-x86_64-debian-gcc, r-devel-linux-x86_64-fedora-clang, r-devel-linux-x86_64-fedora-gcc, r-devel-windows-x86_64
Version: 3.7.1
Check: installed package size
Result: NOTE
installed size is 10.7Mb
sub-directories of 1Mb or more:
R 5.6Mb
doc 1.4Mb
extdata 2.1Mb
Flavors: r-oldrel-macos-arm64, r-oldrel-macos-x86_64, r-oldrel-windows-x86_64