Last updated on 2025-11-11 02:50:40 CET.
| Flavor | Version | Tinstall | Tcheck | Ttotal | Status | Flags |
|---|---|---|---|---|---|---|
| r-devel-linux-x86_64-debian-clang | 0.3 | 27.10 | 194.82 | 221.92 | OK | |
| r-devel-linux-x86_64-debian-gcc | 0.3 | 17.84 | 139.69 | 157.53 | OK | |
| r-devel-linux-x86_64-fedora-clang | 0.3 | 119.00 | 241.52 | 360.52 | OK | |
| r-devel-linux-x86_64-fedora-gcc | 0.3 | 51.00 | 273.04 | 324.04 | OK | |
| r-devel-windows-x86_64 | 0.3 | 29.00 | 170.00 | 199.00 | OK | |
| r-patched-linux-x86_64 | 0.3 | 24.81 | 184.58 | 209.39 | OK | |
| r-release-linux-x86_64 | 0.3 | 27.64 | 183.23 | 210.87 | OK | |
| r-release-macos-arm64 | 0.3 | 14.00 | 62.00 | 76.00 | OK | |
| r-release-macos-x86_64 | 0.3 | 28.00 | 161.00 | 189.00 | OK | |
| r-release-windows-x86_64 | 0.3 | 32.00 | 168.00 | 200.00 | OK | |
| r-oldrel-macos-arm64 | 0.3 | 13.00 | 73.00 | 86.00 | OK | |
| r-oldrel-macos-x86_64 | 0.3 | 25.00 | 156.00 | 181.00 | OK | |
| r-oldrel-windows-x86_64 | 0.3 | 1.00 | 9.00 | 10.00 | ERROR |
Version: 0.3
Check: package dependencies
Result: ERROR
Packages required but not available: 'EGAnet', 'MBESS', 'semPlot'
See section 'The DESCRIPTION file' in the 'Writing R Extensions'
manual.
Flavor: r-oldrel-windows-x86_64