CRAN Package Check Results for Package FAS

Last updated on 2025-11-12 01:48:57 CET.

Flavor Version Tinstall Tcheck Ttotal Status Flags
r-devel-linux-x86_64-debian-clang 1.0.0 8.66 53.02 61.68 NOTE
r-devel-linux-x86_64-debian-gcc 1.0.0 6.15 40.72 46.87 NOTE
r-devel-linux-x86_64-fedora-clang 1.0.0 17.00 74.10 91.10 OK
r-devel-linux-x86_64-fedora-gcc 1.0.0 16.00 72.14 88.14 OK
r-devel-windows-x86_64 1.0.0 12.00 73.00 85.00 OK
r-patched-linux-x86_64 1.0.0 6.98 50.12 57.10 OK
r-release-linux-x86_64 1.0.0 6.83 50.90 57.73 OK
r-release-macos-arm64 1.0.0 5.00 30.00 35.00 OK
r-release-macos-x86_64 1.0.0 9.00 49.00 58.00 OK
r-release-windows-x86_64 1.0.0 12.00 71.00 83.00 OK
r-oldrel-macos-arm64 1.0.0 6.00 25.00 31.00 OK
r-oldrel-macos-x86_64 1.0.0 7.00 40.00 47.00 OK
r-oldrel-windows-x86_64 1.0.0 14.00 82.00 96.00 OK

Additional issues

Intel

Check Details

Version: 1.0.0
Check: CRAN incoming feasibility
Result: NOTE Maintainer: ‘Jonas Striaukas <jonas.striaukas@gmail.com>’ The Description field contains Striaukas (2023) <arXiv:2307.13364>. Please refer to arXiv e-prints via their arXiv DOI <doi:10.48550/arXiv.YYMM.NNNNN>. Flavors: r-devel-linux-x86_64-debian-clang, r-devel-linux-x86_64-debian-gcc