Last updated on 2025-11-12 00:50:30 CET.
| Flavor | Version | Tinstall | Tcheck | Ttotal | Status | Flags |
|---|---|---|---|---|---|---|
| r-devel-linux-x86_64-debian-clang | 0.1.6 | 4.20 | 40.91 | 45.11 | NOTE | |
| r-devel-linux-x86_64-debian-gcc | 0.1.6 | 2.75 | 31.38 | 34.13 | NOTE | |
| r-devel-linux-x86_64-fedora-clang | 0.1.6 | 65.52 | OK | |||
| r-devel-linux-x86_64-fedora-gcc | 0.1.6 | 10.00 | 66.82 | 76.82 | OK | |
| r-devel-windows-x86_64 | 0.1.6 | 6.00 | 60.00 | 66.00 | OK | |
| r-patched-linux-x86_64 | 0.1.6 | 5.15 | 38.34 | 43.49 | NOTE | |
| r-release-linux-x86_64 | 0.1.6 | 3.04 | 38.67 | 41.71 | NOTE | |
| r-release-macos-arm64 | 0.1.6 | 2.00 | 39.00 | 41.00 | OK | |
| r-release-macos-x86_64 | 0.1.6 | 3.00 | 63.00 | 66.00 | OK | |
| r-release-windows-x86_64 | 0.1.6 | 6.00 | 69.00 | 75.00 | OK | |
| r-oldrel-macos-arm64 | 0.1.6 | 2.00 | 27.00 | 29.00 | OK | |
| r-oldrel-macos-x86_64 | 0.1.6 | 3.00 | 39.00 | 42.00 | OK | |
| r-oldrel-windows-x86_64 | 0.1.6 | 7.00 | 71.00 | 78.00 | OK |
Version: 0.1.6
Check: for unstated dependencies in ‘demo’
Result: NOTE
'library' or 'require' call not declared from: ‘ggplot2’
Flavors: r-devel-linux-x86_64-debian-clang, r-devel-linux-x86_64-debian-gcc, r-patched-linux-x86_64, r-release-linux-x86_64