Last updated on 2025-11-12 02:52:55 CET.
| Flavor | Version | Tinstall | Tcheck | Ttotal | Status | Flags |
|---|---|---|---|---|---|---|
| r-devel-linux-x86_64-debian-clang | 0.3.5 | 11.03 | 122.47 | 133.50 | NOTE | |
| r-devel-linux-x86_64-debian-gcc | 0.3.5 | 7.23 | 89.55 | 96.78 | NOTE | |
| r-devel-linux-x86_64-fedora-clang | 0.3.5 | 19.00 | 191.77 | 210.77 | OK | |
| r-devel-linux-x86_64-fedora-gcc | 0.3.5 | 24.00 | 180.28 | 204.28 | OK | |
| r-devel-windows-x86_64 | 0.3.5 | 13.00 | 128.00 | 141.00 | OK | |
| r-patched-linux-x86_64 | 0.3.5 | 9.95 | 119.76 | 129.71 | OK | |
| r-release-linux-x86_64 | 0.3.5 | 9.59 | 118.78 | 128.37 | OK | |
| r-release-macos-arm64 | 0.3.5 | 6.00 | 50.00 | 56.00 | OK | |
| r-release-macos-x86_64 | 0.3.5 | 11.00 | 105.00 | 116.00 | OK | |
| r-release-windows-x86_64 | 0.3.5 | 13.00 | 137.00 | 150.00 | OK | |
| r-oldrel-macos-arm64 | 0.3.5 | 5.00 | 43.00 | 48.00 | OK | |
| r-oldrel-macos-x86_64 | 0.3.5 | 8.00 | 72.00 | 80.00 | OK | |
| r-oldrel-windows-x86_64 | 0.3.5 | 19.00 | 168.00 | 187.00 | OK |
Version: 0.3.5
Check: CRAN incoming feasibility
Result: NOTE
Maintainer: ‘Sowmya Chandrasekaran <sowzz.17@gmail.com>’
Package CITATION file contains call(s) to old-style personList() or
as.personList(). Please use c() on person objects instead.
Flavors: r-devel-linux-x86_64-debian-clang, r-devel-linux-x86_64-debian-gcc