Last updated on 2025-11-12 01:48:57 CET.
| Flavor | Version | Tinstall | Tcheck | Ttotal | Status | Flags |
|---|---|---|---|---|---|---|
| r-devel-linux-x86_64-debian-clang | 1.1 | 5.57 | 52.10 | 57.67 | NOTE | |
| r-devel-linux-x86_64-debian-gcc | 1.1 | 4.77 | 37.34 | 42.11 | NOTE | |
| r-devel-linux-x86_64-fedora-clang | 1.1 | 14.00 | 72.90 | 86.90 | OK | |
| r-devel-linux-x86_64-fedora-gcc | 1.1 | 12.00 | 82.02 | 94.02 | OK | |
| r-devel-windows-x86_64 | 1.1 | 9.00 | 64.00 | 73.00 | OK | |
| r-patched-linux-x86_64 | 1.1 | 4.89 | 48.20 | 53.09 | OK | |
| r-release-linux-x86_64 | 1.1 | 5.48 | 47.51 | 52.99 | OK | |
| r-release-macos-arm64 | 1.1 | 3.00 | 38.00 | 41.00 | OK | |
| r-release-macos-x86_64 | 1.1 | 5.00 | 56.00 | 61.00 | OK | |
| r-release-windows-x86_64 | 1.1 | 8.00 | 59.00 | 67.00 | OK | |
| r-oldrel-macos-arm64 | 1.1 | 2.00 | 36.00 | 38.00 | OK | |
| r-oldrel-macos-x86_64 | 1.1 | 5.00 | 61.00 | 66.00 | OK | |
| r-oldrel-windows-x86_64 | 1.1 | 10.00 | 99.00 | 109.00 | OK |
Version: 1.1
Check: DESCRIPTION meta-information
Result: NOTE
Author field differs from that derived from Authors@R
Author: ‘Nassim AYAD [aut, cre] (<https://orcid.org/0000-0002-1809-0935>, Laboratory of Modeling and Biostatistics, Pasteur Institute of Algeria)’
Authors@R: ‘Nassim AYAD [aut, cre] (ORCID: <https://orcid.org/0000-0002-1809-0935>, affiliation: Laboratory of Modeling and Biostatistics, Pasteur Institute of Algeria)’
Flavors: r-devel-linux-x86_64-debian-clang, r-devel-linux-x86_64-debian-gcc