Last updated on 2025-11-12 02:52:55 CET.
| Flavor | Version | Tinstall | Tcheck | Ttotal | Status | Flags |
|---|---|---|---|---|---|---|
| r-devel-linux-x86_64-debian-clang | 1.6.1 | 4.58 | 44.09 | 48.67 | NOTE | |
| r-devel-linux-x86_64-debian-gcc | 1.6.1 | 3.22 | 32.41 | 35.63 | NOTE | |
| r-devel-linux-x86_64-fedora-clang | 1.6.1 | 24.00 | 54.97 | 78.97 | OK | |
| r-devel-linux-x86_64-fedora-gcc | 1.6.1 | 73.42 | OK | |||
| r-devel-windows-x86_64 | 1.6.1 | 8.00 | 60.00 | 68.00 | OK | |
| r-patched-linux-x86_64 | 1.6.1 | 4.28 | 41.80 | 46.08 | OK | |
| r-release-linux-x86_64 | 1.6.1 | 4.68 | 42.24 | 46.92 | OK | |
| r-release-macos-arm64 | 1.6.1 | 2.00 | 21.00 | 23.00 | OK | |
| r-release-macos-x86_64 | 1.6.1 | 4.00 | 42.00 | 46.00 | OK | |
| r-release-windows-x86_64 | 1.6.1 | 5.00 | 58.00 | 63.00 | OK | |
| r-oldrel-macos-arm64 | 1.6.1 | 2.00 | 20.00 | 22.00 | OK | |
| r-oldrel-macos-x86_64 | 1.6.1 | 3.00 | 32.00 | 35.00 | OK | |
| r-oldrel-windows-x86_64 | 1.6.1 | 8.00 | 73.00 | 81.00 | OK |
Version: 1.6.1
Check: CRAN incoming feasibility
Result: NOTE
Maintainer: ‘Jerome Guitton <jerome.guitton@agrocampus-ouest.fr>’
No Authors@R field in DESCRIPTION.
Please add one, modifying
Authors@R: c(person(given = "J.",
family = "Guitton",
role = "aut"),
person(given = "M.",
family = "Colleter",
role = "aut"),
person(given = "P.",
family = "Gatti",
role = "aut"),
person(given = "D.",
family = "Gascuel",
role = "aut"),
person(given = "Jerome",
family = "Guitton",
role = "cre",
email = "jerome.guitton@agrocampus-ouest.fr"))
as necessary.
Flavors: r-devel-linux-x86_64-debian-clang, r-devel-linux-x86_64-debian-gcc