Last updated on 2025-11-12 02:52:55 CET.
| Flavor | Version | Tinstall | Tcheck | Ttotal | Status | Flags |
|---|---|---|---|---|---|---|
| r-devel-linux-x86_64-debian-clang | 0.1.4 | 8.13 | 84.97 | 93.10 | NOTE | |
| r-devel-linux-x86_64-debian-gcc | 0.1.4 | 5.92 | 62.06 | 67.98 | NOTE | |
| r-devel-linux-x86_64-fedora-clang | 0.1.4 | 21.00 | 121.96 | 142.96 | OK | |
| r-devel-linux-x86_64-fedora-gcc | 0.1.4 | 25.00 | 126.45 | 151.45 | OK | |
| r-devel-windows-x86_64 | 0.1.4 | 10.00 | 86.00 | 96.00 | OK | |
| r-patched-linux-x86_64 | 0.1.4 | 8.36 | 78.45 | 86.81 | OK | |
| r-release-linux-x86_64 | 0.1.4 | 7.73 | 78.33 | 86.06 | OK | |
| r-release-macos-arm64 | 0.1.4 | 3.00 | 36.00 | 39.00 | OK | |
| r-release-macos-x86_64 | 0.1.4 | 6.00 | 65.00 | 71.00 | OK | |
| r-release-windows-x86_64 | 0.1.4 | 10.00 | 87.00 | 97.00 | OK | |
| r-oldrel-macos-arm64 | 0.1.4 | 3.00 | 41.00 | 44.00 | OK | |
| r-oldrel-macos-x86_64 | 0.1.4 | 4.00 | 53.00 | 57.00 | OK | |
| r-oldrel-windows-x86_64 | 0.1.4 | 15.00 | 111.00 | 126.00 | OK |
Version: 0.1.4
Check: CRAN incoming feasibility
Result: NOTE
Maintainer: ‘Catherine B. Hurley <catherine.hurley@mu.ie>’
No Authors@R field in DESCRIPTION.
Please add one, modifying
Authors@R: person(given = c("Catherine", "B."),
family = "Hurley",
role = c("aut", "cre"),
email = "catherine.hurley@mu.ie")
as necessary.
Flavors: r-devel-linux-x86_64-debian-clang, r-devel-linux-x86_64-debian-gcc