CRAN Package Check Results for Package ERDbuilder

Last updated on 2025-11-11 02:50:40 CET.

Flavor Version Tinstall Tcheck Ttotal Status Flags
r-devel-linux-x86_64-debian-clang 1.0.0 1.88 31.86 33.74 NOTE
r-devel-linux-x86_64-debian-gcc 1.0.0 1.52 26.75 28.27 NOTE
r-devel-linux-x86_64-fedora-clang 1.0.0 50.78 NOTE
r-devel-linux-x86_64-fedora-gcc 1.0.0 62.43 NOTE
r-devel-windows-x86_64 1.0.0 4.00 50.00 54.00 NOTE
r-patched-linux-x86_64 1.0.0 2.17 28.85 31.02 NOTE
r-release-linux-x86_64 1.0.0 1.90 29.02 30.92 NOTE
r-release-macos-arm64 1.0.0 1.00 31.00 32.00 NOTE
r-release-macos-x86_64 1.0.0 2.00 67.00 69.00 NOTE
r-release-windows-x86_64 1.0.0 5.00 50.00 55.00 NOTE
r-oldrel-macos-arm64 1.0.0 1.00 27.00 28.00 OK
r-oldrel-macos-x86_64 1.0.0 2.00 37.00 39.00 OK
r-oldrel-windows-x86_64 1.0.0 5.00 57.00 62.00 OK

Check Details

Version: 1.0.0
Check: DESCRIPTION meta-information
Result: NOTE Missing dependency on R >= 4.1.0 because package code uses the pipe |> or function shorthand \(...) syntax added in R 4.1.0. File(s) using such syntax: ‘render_erd.R’ Flavors: r-devel-linux-x86_64-debian-clang, r-devel-linux-x86_64-debian-gcc, r-devel-linux-x86_64-fedora-clang, r-devel-linux-x86_64-fedora-gcc, r-devel-windows-x86_64, r-patched-linux-x86_64, r-release-linux-x86_64, r-release-macos-arm64, r-release-macos-x86_64, r-release-windows-x86_64