Last updated on 2025-11-12 02:52:55 CET.
| Flavor | Version | Tinstall | Tcheck | Ttotal | Status | Flags |
|---|---|---|---|---|---|---|
| r-devel-linux-x86_64-debian-clang | 1.0 | 5.77 | 53.19 | 58.96 | OK | |
| r-devel-linux-x86_64-debian-gcc | 1.0 | 4.66 | 41.38 | 46.04 | OK | |
| r-devel-linux-x86_64-fedora-clang | 1.0 | 16.00 | 74.91 | 90.91 | OK | |
| r-devel-linux-x86_64-fedora-gcc | 1.0 | 15.00 | 72.24 | 87.24 | OK | |
| r-devel-windows-x86_64 | 1.0 | 7.00 | 64.00 | 71.00 | OK | |
| r-patched-linux-x86_64 | 1.0 | 6.34 | 51.43 | 57.77 | OK | |
| r-release-linux-x86_64 | 1.0 | 6.54 | 51.06 | 57.60 | OK | |
| r-release-macos-arm64 | 1.0 | 3.00 | 28.00 | 31.00 | OK | |
| r-release-macos-x86_64 | 1.0 | 10.00 | 62.00 | 72.00 | OK | |
| r-release-windows-x86_64 | 1.0 | 7.00 | 62.00 | 69.00 | OK | |
| r-oldrel-macos-arm64 | 1.0 | 3.00 | 26.00 | 29.00 | NOTE | |
| r-oldrel-macos-x86_64 | 1.0 | 4.00 | 39.00 | 43.00 | NOTE | |
| r-oldrel-windows-x86_64 | 1.0 | 9.00 | 73.00 | 82.00 | NOTE |
Version: 1.0
Check: LazyData
Result: NOTE
'LazyData' is specified without a 'data' directory
Flavors: r-oldrel-macos-arm64, r-oldrel-macos-x86_64, r-oldrel-windows-x86_64