Last updated on 2025-11-12 02:52:54 CET.
| Flavor | Version | Tinstall | Tcheck | Ttotal | Status | Flags |
|---|---|---|---|---|---|---|
| r-devel-linux-x86_64-debian-clang | 0.0.5 | 37.32 | 25.46 | 62.78 | OK | |
| r-devel-linux-x86_64-debian-gcc | 0.0.5 | 29.17 | 22.96 | 52.13 | OK | |
| r-devel-linux-x86_64-fedora-clang | 0.0.5 | 81.00 | 20.70 | 101.70 | OK | |
| r-devel-linux-x86_64-fedora-gcc | 0.0.5 | 138.00 | -24.75 | 113.25 | OK | |
| r-devel-windows-x86_64 | 0.0.5 | 40.00 | 52.00 | 92.00 | OK | |
| r-patched-linux-x86_64 | 0.0.5 | 41.79 | 28.00 | 69.79 | OK | |
| r-release-linux-x86_64 | 0.0.5 | 41.05 | 28.10 | 69.15 | OK | |
| r-release-macos-arm64 | 0.0.5 | 18.00 | 19.00 | 37.00 | OK | |
| r-release-macos-x86_64 | 0.0.5 | 49.00 | 35.00 | 84.00 | OK | |
| r-release-windows-x86_64 | 0.0.5 | 41.00 | 51.00 | 92.00 | OK | |
| r-oldrel-macos-arm64 | 0.0.5 | 16.00 | 16.00 | 32.00 | NOTE | |
| r-oldrel-macos-x86_64 | 0.0.5 | 40.00 | 34.00 | 74.00 | NOTE | |
| r-oldrel-windows-x86_64 | 0.0.5 | 47.00 | 58.00 | 105.00 | OK |
Version: 0.0.5
Check: installed package size
Result: NOTE
installed size is 17.9Mb
sub-directories of 1Mb or more:
libs 17.8Mb
Flavors: r-oldrel-macos-arm64, r-oldrel-macos-x86_64