CRAN Package Check Results for Package DamiaNN

Last updated on 2025-11-12 02:52:53 CET.

Flavor Version Tinstall Tcheck Ttotal Status Flags
r-devel-linux-x86_64-debian-clang 1.0.0 16.81 108.26 125.07 NOTE
r-devel-linux-x86_64-debian-gcc 1.0.0 10.82 75.57 86.39 NOTE
r-devel-linux-x86_64-fedora-clang 1.0.0 42.00 154.87 196.87 OK
r-devel-linux-x86_64-fedora-gcc 1.0.0 32.00 148.13 180.13 OK
r-devel-windows-x86_64 1.0.0 16.00 102.00 118.00 OK
r-patched-linux-x86_64 1.0.0 14.00 100.46 114.46 OK
r-release-linux-x86_64 1.0.0 14.66 101.23 115.89 OK
r-release-macos-arm64 1.0.0 7.00 43.00 50.00 OK
r-release-macos-x86_64 1.0.0 13.00 83.00 96.00 OK
r-release-windows-x86_64 1.0.0 16.00 101.00 117.00 OK
r-oldrel-macos-arm64 1.0.0 6.00 42.00 48.00 OK
r-oldrel-macos-x86_64 1.0.0 9.00 63.00 72.00 OK
r-oldrel-windows-x86_64 1.0.0 21.00 129.00 150.00 OK

Check Details

Version: 1.0.0
Check: CRAN incoming feasibility
Result: NOTE Maintainer: ‘Damian Siniakowicz <DamianSiniakowicz@gmail.com>’ No Authors@R field in DESCRIPTION. Please add one, modifying Authors@R: person(given = "Damian", family = "Siniakowicz", role = c("aut", "cre"), email = "damiansiniakowicz@gmail.com") as necessary. Flavors: r-devel-linux-x86_64-debian-clang, r-devel-linux-x86_64-debian-gcc