Last updated on 2025-11-12 02:52:55 CET.
| Flavor | Version | Tinstall | Tcheck | Ttotal | Status | Flags |
|---|---|---|---|---|---|---|
| r-devel-linux-x86_64-debian-clang | 0.1.0 | 2.98 | 27.41 | 30.39 | OK | |
| r-devel-linux-x86_64-debian-gcc | 0.1.0 | 2.36 | 22.18 | 24.54 | OK | |
| r-devel-linux-x86_64-fedora-clang | 0.1.0 | 45.74 | NOTE | |||
| r-devel-linux-x86_64-fedora-gcc | 0.1.0 | 43.08 | NOTE | |||
| r-devel-windows-x86_64 | 0.1.0 | 7.00 | 47.00 | 54.00 | OK | |
| r-patched-linux-x86_64 | 0.1.0 | 2.68 | 26.16 | 28.84 | OK | |
| r-release-linux-x86_64 | 0.1.0 | 2.90 | 25.98 | 28.88 | OK | |
| r-release-macos-arm64 | 0.1.0 | 2.00 | 16.00 | 18.00 | OK | |
| r-release-macos-x86_64 | 0.1.0 | 3.00 | 31.00 | 34.00 | OK | |
| r-release-windows-x86_64 | 0.1.0 | 6.00 | 45.00 | 51.00 | OK | |
| r-oldrel-macos-arm64 | 0.1.0 | 2.00 | 23.00 | 25.00 | OK | |
| r-oldrel-macos-x86_64 | 0.1.0 | 2.00 | 36.00 | 38.00 | OK | |
| r-oldrel-windows-x86_64 | 0.1.0 | 6.00 | 52.00 | 58.00 | OK |
Version: 0.1.0
Check: dependencies in R code
Result: NOTE
Namespace in Imports field not imported from: ‘roxygen2’
All declared Imports should be used.
Flavors: r-devel-linux-x86_64-fedora-clang, r-devel-linux-x86_64-fedora-gcc