Last updated on 2025-11-12 02:52:54 CET.
| Flavor | Version | Tinstall | Tcheck | Ttotal | Status | Flags |
|---|---|---|---|---|---|---|
| r-devel-linux-x86_64-debian-clang | 1.8.4 | 67.81 | 134.81 | 202.62 | OK | |
| r-devel-linux-x86_64-debian-gcc | 1.8.4 | 43.90 | 92.10 | 136.00 | OK | |
| r-devel-linux-x86_64-fedora-clang | 1.8.4 | 172.00 | 160.17 | 332.17 | OK | |
| r-devel-linux-x86_64-fedora-gcc | 1.8.4 | 124.00 | 182.58 | 306.58 | OK | |
| r-devel-windows-x86_64 | 1.8.4 | 73.00 | 139.00 | 212.00 | OK | |
| r-patched-linux-x86_64 | 1.8.4 | 62.53 | 124.74 | 187.27 | OK | |
| r-release-linux-x86_64 | 1.8.4 | 67.73 | 124.75 | 192.48 | OK | |
| r-release-macos-arm64 | 1.8.4 | 31.00 | 56.00 | 87.00 | OK | |
| r-release-macos-x86_64 | 1.8.4 | 47.00 | 127.00 | 174.00 | OK | |
| r-release-windows-x86_64 | 1.8.4 | 77.00 | 144.00 | 221.00 | OK | |
| r-oldrel-macos-arm64 | 1.8.4 | 27.00 | 59.00 | 86.00 | NOTE | |
| r-oldrel-macos-x86_64 | 1.8.4 | 45.00 | 129.00 | 174.00 | NOTE | |
| r-oldrel-windows-x86_64 | 1.8.4 | 97.00 | 187.00 | 284.00 | OK |
Version: 1.8.4
Check: installed package size
Result: NOTE
installed size is 8.4Mb
sub-directories of 1Mb or more:
data 2.8Mb
libs 5.2Mb
Flavors: r-oldrel-macos-arm64, r-oldrel-macos-x86_64