CRAN Package Check Results for Package DSSAT

Last updated on 2025-11-11 23:51:24 CET.

Flavor Version Tinstall Tcheck Ttotal Status Flags
r-devel-linux-x86_64-debian-clang 0.0.9 9.37 76.59 85.96 NOTE
r-devel-linux-x86_64-debian-gcc 0.0.9 7.61 51.37 58.98 NOTE
r-devel-linux-x86_64-fedora-clang 0.0.9 27.00 108.58 135.58 NOTE
r-devel-linux-x86_64-fedora-gcc 0.0.9 23.00 101.02 124.02 NOTE
r-devel-windows-x86_64 0.0.9 12.00 91.00 103.00 NOTE
r-patched-linux-x86_64 0.0.9 8.66 70.94 79.60 NOTE
r-release-linux-x86_64 0.0.9 10.50 71.19 81.69 NOTE
r-release-macos-arm64 0.0.9 4.00 35.00 39.00 NOTE
r-release-macos-x86_64 0.0.9 9.00 69.00 78.00 NOTE
r-release-windows-x86_64 0.0.9 14.00 92.00 106.00 NOTE
r-oldrel-macos-arm64 0.0.9 4.00 34.00 38.00 OK
r-oldrel-macos-x86_64 0.0.9 7.00 55.00 62.00 OK
r-oldrel-windows-x86_64 0.0.9 17.00 112.00 129.00 OK

Check Details

Version: 0.0.9
Check: CRAN incoming feasibility
Result: NOTE Maintainer: ‘Phillip D. Alderman <phillip.alderman@okstate.edu>’ No Authors@R field in DESCRIPTION. Please add one, modifying Authors@R: person(given = c("Phillip", "D."), family = "Alderman", role = c("aut", "cre"), email = "phillip.alderman@okstate.edu") as necessary. Flavors: r-devel-linux-x86_64-debian-clang, r-devel-linux-x86_64-debian-gcc

Version: 0.0.9
Check: DESCRIPTION meta-information
Result: NOTE Missing dependency on R >= 4.1.0 because package code uses the pipe |> or function shorthand \(...) syntax added in R 4.1.0. File(s) using such syntax: ‘v_fmt_to_type.R’ Flavors: r-devel-linux-x86_64-debian-clang, r-devel-linux-x86_64-debian-gcc, r-devel-linux-x86_64-fedora-clang, r-devel-linux-x86_64-fedora-gcc, r-devel-windows-x86_64, r-patched-linux-x86_64, r-release-linux-x86_64, r-release-macos-arm64, r-release-macos-x86_64, r-release-windows-x86_64