Last updated on 2025-11-12 02:52:54 CET.
| Flavor | Version | Tinstall | Tcheck | Ttotal | Status | Flags |
|---|---|---|---|---|---|---|
| r-devel-linux-x86_64-debian-clang | 1.0.0 | 2.25 | 25.50 | 27.75 | NOTE | |
| r-devel-linux-x86_64-debian-gcc | 1.0.0 | 1.79 | 19.99 | 21.78 | NOTE | |
| r-devel-linux-x86_64-fedora-clang | 1.0.0 | 41.84 | OK | |||
| r-devel-linux-x86_64-fedora-gcc | 1.0.0 | 38.39 | OK | |||
| r-devel-windows-x86_64 | 1.0.0 | 3.00 | 46.00 | 49.00 | OK | |
| r-patched-linux-x86_64 | 1.0.0 | 2.10 | 24.08 | 26.18 | OK | |
| r-release-linux-x86_64 | 1.0.0 | 2.35 | 23.85 | 26.20 | OK | |
| r-release-macos-arm64 | 1.0.0 | 1.00 | 29.00 | 30.00 | OK | |
| r-release-macos-x86_64 | 1.0.0 | 2.00 | 26.00 | 28.00 | OK | |
| r-release-windows-x86_64 | 1.0.0 | 3.00 | 45.00 | 48.00 | OK | |
| r-oldrel-macos-arm64 | 1.0.0 | 1.00 | 16.00 | 17.00 | OK | |
| r-oldrel-macos-x86_64 | 1.0.0 | 2.00 | 21.00 | 23.00 | OK | |
| r-oldrel-windows-x86_64 | 1.0.0 | 5.00 | 50.00 | 55.00 | OK |
Version: 1.0.0
Check: CRAN incoming feasibility
Result: NOTE
Maintainer: ‘Paul Rosenbaum <rosenbaum@wharton.upenn.edu>’
No Authors@R field in DESCRIPTION.
Please add one, modifying
Authors@R: c(person(given = c("Paul", "R."),
family = "Rosenbaum",
role = "aut"),
person(given = "Paul",
family = "Rosenbaum",
role = "cre",
email = "rosenbaum@wharton.upenn.edu"))
as necessary.
Flavors: r-devel-linux-x86_64-debian-clang, r-devel-linux-x86_64-debian-gcc