CRAN Package Check Results for Package DACF

Last updated on 2025-11-22 01:49:03 CET.

Flavor Version Tinstall Tcheck Ttotal Status Flags
r-devel-linux-x86_64-debian-clang 1.0.0 1.85 25.19 27.04 OK
r-devel-linux-x86_64-debian-gcc 1.0.0 1.42 20.90 22.32 OK
r-devel-linux-x86_64-fedora-clang 1.0.0 37.86 OK
r-devel-windows-x86_64 1.0.0 7.00 44.00 51.00 OK
r-patched-linux-x86_64 1.0.0 1.94 22.51 24.45 OK
r-release-linux-x86_64 1.0.0 1.75 22.92 24.67 OK
r-release-macos-arm64 1.0.0 OK
r-release-macos-x86_64 1.0.0 2.00 38.00 40.00 OK
r-release-windows-x86_64 1.0.0 3.00 45.00 48.00 OK
r-oldrel-macos-arm64 1.0.0 NOTE
r-oldrel-macos-x86_64 1.0.0 1.00 31.00 32.00 NOTE
r-oldrel-windows-x86_64 1.0.0 3.00 49.00 52.00 NOTE

Check Details

Version: 1.0.0
Check: LazyData
Result: NOTE 'LazyData' is specified without a 'data' directory Flavors: r-oldrel-macos-arm64, r-oldrel-macos-x86_64, r-oldrel-windows-x86_64