Last updated on 2025-11-12 02:52:53 CET.
| Flavor | Version | Tinstall | Tcheck | Ttotal | Status | Flags |
|---|---|---|---|---|---|---|
| r-devel-linux-x86_64-debian-clang | 1.0.0 | 11.35 | 85.59 | 96.94 | NOTE | |
| r-devel-linux-x86_64-debian-gcc | 1.0.0 | 7.17 | 61.49 | 68.66 | NOTE | |
| r-devel-linux-x86_64-fedora-clang | 1.0.0 | 24.00 | 130.84 | 154.84 | NOTE | |
| r-devel-linux-x86_64-fedora-gcc | 1.0.0 | 25.00 | 117.39 | 142.39 | NOTE | |
| r-devel-windows-x86_64 | 1.0.0 | 12.00 | 89.00 | 101.00 | NOTE | |
| r-patched-linux-x86_64 | 1.0.0 | 11.33 | 81.60 | 92.93 | NOTE | |
| r-release-linux-x86_64 | 1.0.0 | 11.46 | 81.52 | 92.98 | NOTE | |
| r-release-macos-arm64 | 1.0.0 | 6.00 | 41.00 | 47.00 | NOTE | |
| r-release-macos-x86_64 | 1.0.0 | 15.00 | 77.00 | 92.00 | NOTE | |
| r-release-windows-x86_64 | 1.0.0 | 11.00 | 85.00 | 96.00 | NOTE | |
| r-oldrel-macos-arm64 | 1.0.0 | 4.00 | 35.00 | 39.00 | NOTE | |
| r-oldrel-macos-x86_64 | 1.0.0 | 7.00 | 49.00 | 56.00 | NOTE | |
| r-oldrel-windows-x86_64 | 1.0.0 | 18.00 | 114.00 | 132.00 | NOTE |
Version: 1.0.0
Check: CRAN incoming feasibility
Result: NOTE
Maintainer: ‘Fuyuan David Li <LFY@gwmail.gwu.edu>’
No Authors@R field in DESCRIPTION.
Please add one, modifying
Authors@R: person(given = c("Fuyuan", "David"),
family = "Li",
role = c("aut", "cre"),
email = "lfy@gwmail.gwu.edu")
as necessary.
Flavors: r-devel-linux-x86_64-debian-clang, r-devel-linux-x86_64-debian-gcc
Version: 1.0.0
Check: Rd files
Result: NOTE
checkRd: (-1) condQestCopC.Rd:45: Lost braces; missing escapes or markup?
45 | obtain the conditional qth quantile of Y_{n+1} given {Y1,...,Yn}.
| ^
checkRd: (-1) condQestCopC.Rd:45: Lost braces; missing escapes or markup?
45 | obtain the conditional qth quantile of Y_{n+1} given {Y1,...,Yn}.
| ^
checkRd: (-1) condQestCopC.Rd:40: Lost braces; missing escapes or markup?
40 | \code{condQestCopC} returns the conditional tao-th quantile of Y_{n+1} given {Y1,...,Yn}
| ^
checkRd: (-1) condQestCopC.Rd:40: Lost braces; missing escapes or markup?
40 | \code{condQestCopC} returns the conditional tao-th quantile of Y_{n+1} given {Y1,...,Yn}
| ^
Flavors: r-devel-linux-x86_64-debian-clang, r-devel-linux-x86_64-debian-gcc, r-devel-linux-x86_64-fedora-clang, r-devel-linux-x86_64-fedora-gcc, r-devel-windows-x86_64, r-patched-linux-x86_64, r-release-linux-x86_64, r-release-macos-arm64, r-release-macos-x86_64, r-release-windows-x86_64, r-oldrel-macos-arm64, r-oldrel-macos-x86_64, r-oldrel-windows-x86_64