Last updated on 2025-11-12 01:48:54 CET.
| Flavor | Version | Tinstall | Tcheck | Ttotal | Status | Flags |
|---|---|---|---|---|---|---|
| r-devel-linux-x86_64-debian-clang | 0.4.0 | 3.92 | 120.92 | 124.84 | NOTE | |
| r-devel-linux-x86_64-debian-gcc | 0.4.0 | 2.83 | 86.81 | 89.64 | NOTE | |
| r-devel-linux-x86_64-fedora-clang | 0.4.0 | 31.00 | 170.85 | 201.85 | OK | |
| r-devel-linux-x86_64-fedora-gcc | 0.4.0 | 11.00 | 189.27 | 200.27 | OK | |
| r-devel-windows-x86_64 | 0.4.0 | 6.00 | 115.00 | 121.00 | OK | |
| r-patched-linux-x86_64 | 0.4.0 | 4.27 | 116.04 | 120.31 | OK | |
| r-release-linux-x86_64 | 0.4.0 | 3.72 | 115.84 | 119.56 | OK | |
| r-release-macos-arm64 | 0.4.0 | 2.00 | 53.00 | 55.00 | OK | |
| r-release-macos-x86_64 | 0.4.0 | 3.00 | 95.00 | 98.00 | OK | |
| r-release-windows-x86_64 | 0.4.0 | 5.00 | 114.00 | 119.00 | OK | |
| r-oldrel-macos-arm64 | 0.4.0 | 1.00 | 48.00 | 49.00 | OK | |
| r-oldrel-macos-x86_64 | 0.4.0 | 3.00 | 77.00 | 80.00 | OK | |
| r-oldrel-windows-x86_64 | 0.4.0 | 7.00 | 146.00 | 153.00 | OK |
Version: 0.4.0
Check: CRAN incoming feasibility
Result: NOTE
Maintainer: ‘Jens Lange <lange.jens@outlook.com>’
Package CITATION file contains call(s) to old-style citEntry(). Please
use bibentry() instead.
Flavors: r-devel-linux-x86_64-debian-clang, r-devel-linux-x86_64-debian-gcc