Last updated on 2025-11-23 03:48:38 CET.
| Flavor | Version | Tinstall | Tcheck | Ttotal | Status | Flags |
|---|---|---|---|---|---|---|
| r-devel-linux-x86_64-debian-clang | 1.2.1 | 3.56 | 25.33 | 28.89 | OK | |
| r-devel-linux-x86_64-debian-gcc | 1.2.1 | 3.03 | 20.70 | 23.73 | OK | |
| r-devel-linux-x86_64-fedora-clang | 1.2.1 | 40.80 | OK | |||
| r-devel-windows-x86_64 | 1.2.1 | 13.00 | 47.00 | 60.00 | OK | |
| r-patched-linux-x86_64 | 1.2.1 | 3.48 | 23.59 | 27.07 | OK | |
| r-release-linux-x86_64 | 1.2.1 | 3.26 | 23.35 | 26.61 | OK | |
| r-release-macos-arm64 | 1.2.1 | OK | ||||
| r-release-macos-x86_64 | 1.2.1 | 5.00 | 25.00 | 30.00 | OK | |
| r-release-windows-x86_64 | 1.2.1 | 8.00 | 62.00 | 70.00 | OK | |
| r-oldrel-macos-arm64 | 1.2.1 | NOTE | ||||
| r-oldrel-macos-x86_64 | 1.2.1 | 5.00 | 27.00 | 32.00 | NOTE | |
| r-oldrel-windows-x86_64 | 1.2.1 | 8.00 | 48.00 | 56.00 | NOTE |
Version: 1.2.1
Check: package dependencies
Result: NOTE
Package suggested but not available for checking: ‘pbdMPI’
Flavors: r-oldrel-macos-arm64, r-oldrel-macos-x86_64
Version: 1.2.1
Check: LazyData
Result: NOTE
'LazyData' is specified without a 'data' directory
Flavors: r-oldrel-macos-arm64, r-oldrel-macos-x86_64, r-oldrel-windows-x86_64