Last updated on 2025-11-12 01:48:54 CET.
| Flavor | Version | Tinstall | Tcheck | Ttotal | Status | Flags |
|---|---|---|---|---|---|---|
| r-devel-linux-x86_64-debian-clang | 1.1-1 | 111.77 | 260.95 | 372.72 | NOTE | |
| r-devel-linux-x86_64-debian-gcc | 1.1-1 | 62.81 | 149.61 | 212.42 | NOTE | |
| r-devel-linux-x86_64-fedora-clang | 1.1-1 | 401.00 | 258.62 | 659.62 | OK | |
| r-devel-linux-x86_64-fedora-gcc | 1.1-1 | 322.00 | 277.99 | 599.99 | OK | |
| r-devel-windows-x86_64 | 1.1-1 | 82.00 | 188.00 | 270.00 | OK | |
| r-patched-linux-x86_64 | 1.1-1 | 107.52 | 252.88 | 360.40 | OK | |
| r-release-linux-x86_64 | 1.1-1 | 103.75 | 244.38 | 348.13 | OK | |
| r-release-macos-arm64 | 1.1-1 | 44.00 | 68.00 | 112.00 | OK | |
| r-release-macos-x86_64 | 1.1-1 | 104.00 | 185.00 | 289.00 | OK | |
| r-release-windows-x86_64 | 1.1-1 | 82.00 | 186.00 | 268.00 | OK | |
| r-oldrel-macos-arm64 | 1.1-1 | 42.00 | 66.00 | 108.00 | OK | |
| r-oldrel-macos-x86_64 | 1.1-1 | 77.00 | 129.00 | 206.00 | OK | |
| r-oldrel-windows-x86_64 | 1.1-1 | 137.00 | 249.00 | 386.00 | OK |
Version: 1.1-1
Check: CRAN incoming feasibility
Result: NOTE
Maintainer: ‘Ruben H. Roa-Ureta <ruben.roa.ureta@mail.com>’
No Authors@R field in DESCRIPTION.
Please add one, modifying
Authors@R: person(given = c("Ruben", "H."),
family = "Roa-Ureta",
role = c("aut", "cre"),
email = "ruben.roa.ureta@mail.com")
as necessary.
Package CITATION file contains call(s) to old-style personList() or
as.personList(). Please use c() on person objects instead.
Package CITATION file contains call(s) to old-style citEntry(). Please
use bibentry() instead.
Flavors: r-devel-linux-x86_64-debian-clang, r-devel-linux-x86_64-debian-gcc