Last updated on 2025-11-12 02:52:52 CET.
| Flavor | Version | Tinstall | Tcheck | Ttotal | Status | Flags |
|---|---|---|---|---|---|---|
| r-devel-linux-x86_64-debian-clang | 0.2.5 | 17.54 | 239.16 | 256.70 | OK | |
| r-devel-linux-x86_64-debian-gcc | 0.2.5 | 11.89 | 168.58 | 180.47 | OK | |
| r-devel-linux-x86_64-fedora-clang | 0.2.5 | 142.00 | 295.69 | 437.69 | OK | |
| r-devel-linux-x86_64-fedora-gcc | 0.2.5 | 36.00 | 371.35 | 407.35 | OK | |
| r-devel-windows-x86_64 | 0.2.5 | 18.00 | 225.00 | 243.00 | OK | |
| r-patched-linux-x86_64 | 0.2.5 | 15.24 | 233.31 | 248.55 | OK | |
| r-release-linux-x86_64 | 0.2.5 | 15.94 | 237.08 | 253.02 | OK | |
| r-release-macos-arm64 | 0.2.5 | 9.00 | 131.00 | 140.00 | OK | |
| r-release-macos-x86_64 | 0.2.5 | 21.00 | 279.00 | 300.00 | OK | |
| r-release-windows-x86_64 | 0.2.5 | 18.00 | 224.00 | 242.00 | OK | |
| r-oldrel-macos-arm64 | 0.2.5 | 9.00 | 124.00 | 133.00 | NOTE | |
| r-oldrel-macos-x86_64 | 0.2.5 | 16.00 | 177.00 | 193.00 | OK | |
| r-oldrel-windows-x86_64 | 0.2.5 | 24.00 | 314.00 | 338.00 | OK |
Version: 0.2.5
Check: package dependencies
Result: NOTE
Package suggested but not available for checking: ‘batchelor’
Flavor: r-oldrel-macos-arm64