CRAN Package Check Results for Package CVThresh

Last updated on 2025-11-12 01:48:55 CET.

Flavor Version Tinstall Tcheck Ttotal Status Flags
r-devel-linux-x86_64-debian-clang 1.1.2 1.65 27.97 29.62 NOTE
r-devel-linux-x86_64-debian-gcc 1.1.2 1.87 21.84 23.71 NOTE
r-devel-linux-x86_64-fedora-clang 1.1.2 45.56 OK
r-devel-linux-x86_64-fedora-gcc 1.1.2 43.00 OK
r-devel-windows-x86_64 1.1.2 5.00 47.00 52.00 OK
r-patched-linux-x86_64 1.1.2 2.50 26.35 28.85 OK
r-release-linux-x86_64 1.1.2 2.33 26.70 29.03 OK
r-release-macos-arm64 1.1.2 1.00 17.00 18.00 OK
r-release-macos-x86_64 1.1.2 2.00 27.00 29.00 OK
r-release-windows-x86_64 1.1.2 4.00 47.00 51.00 OK
r-oldrel-macos-arm64 1.1.2 1.00 18.00 19.00 OK
r-oldrel-macos-x86_64 1.1.2 2.00 24.00 26.00 OK
r-oldrel-windows-x86_64 1.1.2 5.00 54.00 59.00 OK

Check Details

Version: 1.1.2
Check: CRAN incoming feasibility
Result: NOTE Maintainer: ‘Donghoh Kim <donghoh.kim@gmail.com>’ No Authors@R field in DESCRIPTION. Please add one, modifying Authors@R: c(person(given = "Donghoh", family = "Kim", role = c("aut", "cre"), email = "donghoh.kim@gmail.com"), person(given = "Hee-Seok", family = "Oh", role = "aut", email = "heeseok@stats.snu.ac.kr")) as necessary. Flavors: r-devel-linux-x86_64-debian-clang, r-devel-linux-x86_64-debian-gcc