CRAN Package Check Results for Package CTD

Last updated on 2025-11-12 01:48:55 CET.

Flavor Version Tinstall Tcheck Ttotal Status Flags
r-devel-linux-x86_64-debian-clang 1.3 5.33 66.72 72.05 OK
r-devel-linux-x86_64-debian-gcc 1.3 3.66 45.23 48.89 OK
r-devel-linux-x86_64-fedora-clang 1.3 12.00 96.08 108.08 OK
r-devel-linux-x86_64-fedora-gcc 1.3 12.00 93.34 105.34 OK
r-devel-windows-x86_64 1.3 7.00 80.00 87.00 OK
r-patched-linux-x86_64 1.3 5.31 62.58 67.89 OK
r-release-linux-x86_64 1.3 4.45 61.02 65.47 OK
r-release-macos-arm64 1.3 3.00 35.00 38.00 OK
r-release-macos-x86_64 1.3 5.00 56.00 61.00 OK
r-release-windows-x86_64 1.3 7.00 76.00 83.00 OK
r-oldrel-macos-arm64 1.3 3.00 34.00 37.00 OK
r-oldrel-macos-x86_64 1.3 10.00 82.00 92.00 NOTE
r-oldrel-windows-x86_64 1.3 8.00 94.00 102.00 OK

Check Details

Version: 1.3
Check: installed package size
Result: NOTE installed size is 5.3Mb sub-directories of 1Mb or more: data 4.7Mb Flavor: r-oldrel-macos-x86_64