CRAN Package Check Results for Package COMBAT

Last updated on 2025-11-12 02:52:53 CET.

Flavor Version Tinstall Tcheck Ttotal Status Flags
r-devel-linux-x86_64-debian-clang 0.0.4 1.75 21.32 23.07 NOTE
r-devel-linux-x86_64-debian-gcc 0.0.4 1.56 17.18 18.74 NOTE
r-devel-linux-x86_64-fedora-clang 0.0.4 34.70 OK
r-devel-linux-x86_64-fedora-gcc 0.0.4 32.78 OK
r-devel-windows-x86_64 0.0.4 3.00 42.00 45.00 OK
r-patched-linux-x86_64 0.0.4 1.98 19.95 21.93 OK
r-release-linux-x86_64 0.0.4 1.77 20.20 21.97 OK
r-release-macos-arm64 0.0.4 1.00 15.00 16.00 OK
r-release-macos-x86_64 0.0.4 3.00 25.00 28.00 OK
r-release-windows-x86_64 0.0.4 3.00 40.00 43.00 OK
r-oldrel-macos-arm64 0.0.4 1.00 19.00 20.00 OK
r-oldrel-macos-x86_64 0.0.4 2.00 22.00 24.00 OK
r-oldrel-windows-x86_64 0.0.4 2.00 44.00 46.00 OK

Check Details

Version: 0.0.4
Check: CRAN incoming feasibility
Result: NOTE Maintainer: ‘Minghui Wang <m.h.wang@live.com>’ No Authors@R field in DESCRIPTION. Please add one, modifying Authors@R: c(person(given = "Minghui", family = "Wang", role = c("aut", "cre"), email = "m.h.wang@live.com"), person(given = "Yiyuan", family = "Liu", role = "aut"), person(given = "Shizhong", family = "Han", role = "aut")) as necessary. Flavors: r-devel-linux-x86_64-debian-clang, r-devel-linux-x86_64-debian-gcc