Last updated on 2025-11-12 02:52:52 CET.
| Flavor | Version | Tinstall | Tcheck | Ttotal | Status | Flags |
|---|---|---|---|---|---|---|
| r-devel-linux-x86_64-debian-clang | 8.3-14 | 105.66 | 145.27 | 250.93 | OK | |
| r-devel-linux-x86_64-debian-gcc | 8.3-14 | 66.37 | 90.37 | 156.74 | OK | |
| r-devel-linux-x86_64-fedora-clang | 8.3-14 | 589.00 | -104.62 | 484.38 | OK | |
| r-devel-linux-x86_64-fedora-gcc | 8.3-14 | 230.00 | 170.58 | 400.58 | OK | |
| r-devel-windows-x86_64 | 8.3-14 | 122.00 | 177.00 | 299.00 | OK | |
| r-patched-linux-x86_64 | 8.3-14 | 105.83 | 136.45 | 242.28 | OK | |
| r-release-linux-x86_64 | 8.3-14 | 101.45 | 134.70 | 236.15 | OK | |
| r-release-macos-arm64 | 8.3-14 | 38.00 | 54.00 | 92.00 | OK | |
| r-release-macos-x86_64 | 8.3-14 | 63.00 | 221.00 | 284.00 | OK | |
| r-release-windows-x86_64 | 8.3-14 | 147.00 | 170.00 | 317.00 | OK | |
| r-oldrel-macos-arm64 | 8.3-14 | 37.00 | 54.00 | 91.00 | NOTE | |
| r-oldrel-macos-x86_64 | 8.3-14 | 51.00 | 208.00 | 259.00 | NOTE | |
| r-oldrel-windows-x86_64 | 8.3-14 | 144.00 | 215.00 | 359.00 | OK |
Version: 8.3-14
Check: installed package size
Result: NOTE
installed size is 6.9Mb
sub-directories of 1Mb or more:
data 1.3Mb
libs 4.1Mb
Flavors: r-oldrel-macos-arm64, r-oldrel-macos-x86_64