Last updated on 2025-10-21 03:49:46 CEST.
Flavor | Version | Tinstall | Tcheck | Ttotal | Status | Flags |
---|---|---|---|---|---|---|
r-devel-linux-x86_64-debian-clang | 3.4.0 | 12.64 | 99.23 | 111.87 | OK | |
r-devel-linux-x86_64-debian-gcc | 3.4.0 | 9.37 | 69.92 | 79.29 | NOTE | |
r-devel-linux-x86_64-fedora-clang | 3.4.0 | 171.30 | OK | |||
r-devel-linux-x86_64-fedora-gcc | 3.4.0 | 165.71 | OK | |||
r-devel-windows-x86_64 | 3.4.0 | 13.00 | 99.00 | 112.00 | OK | |
r-patched-linux-x86_64 | 3.4.0 | 12.12 | 94.05 | 106.17 | OK | |
r-release-linux-x86_64 | 3.4.0 | 11.57 | 94.54 | 106.11 | OK | |
r-release-macos-arm64 | 3.4.0 | 46.00 | OK | |||
r-release-macos-x86_64 | 3.4.0 | 78.00 | OK | |||
r-release-windows-x86_64 | 3.4.0 | 13.00 | 100.00 | 113.00 | OK | |
r-oldrel-macos-arm64 | 3.4.0 | 45.00 | OK | |||
r-oldrel-macos-x86_64 | 3.4.0 | 66.00 | OK | |||
r-oldrel-windows-x86_64 | 3.4.0 | 17.00 | 129.00 | 146.00 | OK |
Version: 3.4.0
Check: HTML version of manual
Result: NOTE
Found the following HTML validation problems:
clusters.html:50:1 (clusters.Rd:12): Warning: missing </ul> before </div>
clusters.clusterforest.html:51:1 (clusters.clusterforest.Rd:12): Warning: missing </ul> before </div>
clusters.default.html:51:1 (clusters.default.Rd:12): Warning: missing </ul> before </div>
medoidtrees.html:50:1 (medoidtrees.Rd:12): Warning: missing </ul> before </div>
medoidtrees.clusterforest.html:51:1 (medoidtrees.clusterforest.Rd:12): Warning: missing </ul> before </div>
medoidtrees.default.html:51:1 (medoidtrees.default.Rd:12): Warning: missing </ul> before </div>
print.clusterforest.html:55:1 (print.clusterforest.Rd:14): Warning: missing </ul> before </div>
summary.clusterforest.html:51:1 (summary.clusterforest.Rd:12): Warning: missing </ul> before </div>
treesimilarities.html:46:1 (treesimilarities.Rd:10): Warning: missing </ul> before </div>
treesimilarities.clusterforest.html:47:1 (treesimilarities.clusterforest.Rd:10): Warning: missing </ul> before </div>
treesimilarities.default.html:47:1 (treesimilarities.default.Rd:10): Warning: missing </ul> before </div>
treesource.clusterforest.html:53:1 (treesource.clusterforest.Rd:12): Warning: missing </ul> before </div>
treesource.default.html:53:1 (treesource.default.Rd:12): Warning: missing </ul> before </div>
Flavor: r-devel-linux-x86_64-debian-gcc