Last updated on 2025-11-01 23:50:01 CET.
| Flavor | Version | Tinstall | Tcheck | Ttotal | Status | Flags |
|---|---|---|---|---|---|---|
| r-devel-linux-x86_64-debian-clang | 0.1.5 | 10.83 | 31.46 | 42.29 | NOTE | |
| r-devel-linux-x86_64-debian-gcc | 0.1.5 | 6.93 | 24.40 | 31.33 | NOTE | |
| r-devel-linux-x86_64-fedora-clang | 0.1.5 | 89.00 | -14.04 | 74.96 | NOTE | |
| r-devel-linux-x86_64-fedora-gcc | 0.1.5 | 64.00 | 3.70 | 67.70 | NOTE | |
| r-devel-windows-x86_64 | 0.1.5 | 14.00 | 61.00 | 75.00 | OK | |
| r-patched-linux-x86_64 | 0.1.5 | 10.47 | 29.83 | 40.30 | OK | |
| r-release-linux-x86_64 | 0.1.5 | 10.55 | 30.25 | 40.80 | OK | |
| r-release-macos-arm64 | 0.1.5 | 6.00 | 22.00 | 28.00 | OK | |
| r-release-macos-x86_64 | 0.1.5 | 10.00 | 35.00 | 45.00 | OK | |
| r-release-windows-x86_64 | 0.1.5 | 14.00 | 61.00 | 75.00 | OK | |
| r-oldrel-macos-arm64 | 0.1.5 | 7.00 | 20.00 | 27.00 | OK | |
| r-oldrel-macos-x86_64 | 0.1.5 | 7.00 | 28.00 | 35.00 | OK | |
| r-oldrel-windows-x86_64 | 0.1.5 | 19.00 | 75.00 | 94.00 | OK |
Version: 0.1.5
Check: CRAN incoming feasibility
Result: NOTE
Maintainer: ‘Jack Kuipers <jack.kuipers@bsse.ethz.ch>’
No Authors@R field in DESCRIPTION.
Please add one, modifying
Authors@R: c(person(given = "Jack",
family = "Kuipers",
role = c("aut", "cre"),
email = "jack.kuipers@bsse.ethz.ch"),
person(given = "Giusi",
family = "Moffa",
role = "aut"))
as necessary.
Flavors: r-devel-linux-x86_64-debian-clang, r-devel-linux-x86_64-debian-gcc
Version: 0.1.5
Check: dependencies in R code
Result: NOTE
Namespace in Imports field not imported from: ‘BiDAG’
All declared Imports should be used.
Flavors: r-devel-linux-x86_64-fedora-clang, r-devel-linux-x86_64-fedora-gcc