Last updated on 2025-11-25 01:50:04 CET.
| Flavor | Version | Tinstall | Tcheck | Ttotal | Status | Flags |
|---|---|---|---|---|---|---|
| r-devel-linux-x86_64-debian-clang | 1.0.1 | 7.37 | 57.74 | 65.11 | NOTE | |
| r-devel-linux-x86_64-debian-gcc | 1.0.1 | 4.99 | 42.54 | 47.53 | NOTE | |
| r-devel-linux-x86_64-fedora-clang | 1.0.1 | 18.00 | 81.81 | 99.81 | OK | |
| r-devel-linux-x86_64-fedora-gcc | 1.0.1 | 14.00 | 80.15 | 94.15 | OK | |
| r-devel-windows-x86_64 | 1.0.1 | 8.00 | 69.00 | 77.00 | OK | |
| r-patched-linux-x86_64 | 1.0.1 | 6.70 | 54.44 | 61.14 | OK | |
| r-release-linux-x86_64 | 1.0.1 | 7.33 | 54.79 | 62.12 | OK | |
| r-release-macos-arm64 | 1.0.1 | OK | ||||
| r-release-macos-x86_64 | 1.0.1 | 9.00 | 57.00 | 66.00 | OK | |
| r-release-windows-x86_64 | 1.0.1 | 8.00 | 79.00 | 87.00 | OK | |
| r-oldrel-macos-arm64 | 1.0.1 | OK | ||||
| r-oldrel-macos-x86_64 | 1.0.1 | 7.00 | 40.00 | 47.00 | OK | |
| r-oldrel-windows-x86_64 | 1.0.1 | 10.00 | 78.00 | 88.00 | OK |
Version: 1.0.1
Check: CRAN incoming feasibility
Result: NOTE
Maintainer: ‘Margarita Marin <mmarinj@unal.edu.co>’
No Authors@R field in DESCRIPTION.
Please add one, modifying
Authors@R: c(person(given = "Margarita",
family = "Marin",
role = c("aut", "cre"),
email = "mmarinj@unal.edu.co"),
person(given = "Edilberto",
family = "Cepeda-Cuervo.",
role = "aut"))
as necessary.
Flavors: r-devel-linux-x86_64-debian-clang, r-devel-linux-x86_64-debian-gcc