Last updated on 2025-10-21 03:49:45 CEST.
Flavor | Version | Tinstall | Tcheck | Ttotal | Status | Flags |
---|---|---|---|---|---|---|
r-devel-linux-x86_64-debian-clang | 0.1.8 | 26.32 | 226.79 | 253.11 | NOTE | |
r-devel-linux-x86_64-debian-gcc | 0.1.8 | 15.76 | 144.64 | 160.40 | NOTE | |
r-devel-linux-x86_64-fedora-clang | 0.1.8 | 397.95 | NOTE | |||
r-devel-linux-x86_64-fedora-gcc | 0.1.8 | 399.13 | NOTE | |||
r-devel-windows-x86_64 | 0.1.8 | 30.00 | 233.00 | 263.00 | NOTE | |
r-patched-linux-x86_64 | 0.1.8 | 25.76 | 218.36 | 244.12 | NOTE | |
r-release-linux-x86_64 | 0.1.8 | 24.77 | 218.76 | 243.53 | NOTE | |
r-release-macos-arm64 | 0.1.8 | 101.00 | NOTE | |||
r-release-macos-x86_64 | 0.1.8 | 212.00 | NOTE | |||
r-release-windows-x86_64 | 0.1.8 | 30.00 | 227.00 | 257.00 | NOTE | |
r-oldrel-macos-arm64 | 0.1.8 | 98.00 | NOTE | |||
r-oldrel-macos-x86_64 | 0.1.8 | 153.00 | NOTE | |||
r-oldrel-windows-x86_64 | 0.1.8 | 37.00 | 315.00 | 352.00 | NOTE |
Version: 0.1.8
Check: Rd files
Result: NOTE
checkRd: (-1) DE.Rd:43: Lost braces in \itemize; meant \describe ?
checkRd: (-1) DE.Rd:44: Lost braces in \itemize; meant \describe ?
checkRd: (-1) DE.Rd:45: Lost braces in \itemize; meant \describe ?
checkRd: (-1) DE.Rd:46: Lost braces in \itemize; meant \describe ?
checkRd: (-1) DEzs.Rd:58: Lost braces in \itemize; meant \describe ?
checkRd: (-1) DEzs.Rd:59: Lost braces in \itemize; meant \describe ?
checkRd: (-1) DEzs.Rd:60: Lost braces in \itemize; meant \describe ?
checkRd: (-1) DEzs.Rd:61: Lost braces in \itemize; meant \describe ?
Flavors: r-devel-linux-x86_64-debian-clang, r-devel-linux-x86_64-debian-gcc, r-devel-linux-x86_64-fedora-clang, r-devel-linux-x86_64-fedora-gcc, r-devel-windows-x86_64, r-patched-linux-x86_64, r-release-linux-x86_64, r-release-macos-arm64, r-release-macos-x86_64, r-release-windows-x86_64, r-oldrel-macos-arm64, r-oldrel-macos-x86_64, r-oldrel-windows-x86_64
Version: 0.1.8
Check: HTML version of manual
Result: NOTE
Found the following HTML validation problems:
betaFun.html:46:1 (betaFun.Rd:10): Warning: missing </ul> before </div>
factorMatrice.html:50:1 (factorMatrice.Rd:12): Warning: missing </ul> before </div>
package-deprecated.html:54:1 (package-deprecated.Rd:14): Warning: missing </ul> before </div>
sumSquare.html:46:1 (sumSquare.Rd:10): Warning: missing </ul> before </div>
testDensityGelmanMeng.html:68:1 (testDensityGelmanMeng.Rd:22): Warning: missing </ul> before </div>
testDensityMultiNormal.html:50:1 (testDensityMultiNormal.Rd:12): Warning: missing </ul> before </div>
vsemC.html:50:1 (vsemC.Rd:12): Warning: missing </ul> before </div>
Flavor: r-devel-linux-x86_64-debian-gcc