Last updated on 2025-11-12 02:52:51 CET.
| Flavor | Version | Tinstall | Tcheck | Ttotal | Status | Flags |
|---|---|---|---|---|---|---|
| r-devel-linux-x86_64-debian-clang | 1.0.1 | 16.62 | 153.04 | 169.66 | NOTE | |
| r-devel-linux-x86_64-debian-gcc | 1.0.1 | 10.12 | 106.57 | 116.69 | NOTE | |
| r-devel-linux-x86_64-fedora-clang | 1.0.1 | 44.00 | 231.17 | 275.17 | NOTE | |
| r-devel-linux-x86_64-fedora-gcc | 1.0.1 | 43.00 | 234.97 | 277.97 | NOTE | |
| r-devel-windows-x86_64 | 1.0.1 | 17.00 | 163.00 | 180.00 | NOTE | |
| r-patched-linux-x86_64 | 1.0.1 | 15.29 | 149.53 | 164.82 | NOTE | |
| r-release-linux-x86_64 | 1.0.1 | 14.07 | 148.53 | 162.60 | NOTE | |
| r-release-macos-arm64 | 1.0.1 | 8.00 | 70.00 | 78.00 | NOTE | |
| r-release-macos-x86_64 | 1.0.1 | 15.00 | 152.00 | 167.00 | NOTE | |
| r-release-windows-x86_64 | 1.0.1 | 18.00 | 164.00 | 182.00 | NOTE | |
| r-oldrel-macos-arm64 | 1.0.1 | 7.00 | 67.00 | 74.00 | NOTE | |
| r-oldrel-macos-x86_64 | 1.0.1 | 11.00 | 112.00 | 123.00 | NOTE | |
| r-oldrel-windows-x86_64 | 1.0.1 | 24.00 | 208.00 | 232.00 | NOTE |
Version: 1.0.1
Check: Rd files
Result: NOTE
checkRd: (-1) bma.bx.cy.Rd:69: Lost braces
69 | the initial values for parameters in models. For example, inits<-function(){list(alpha=0,beta=0,c=0,var1=0.5,r=1,lamda=0.01)}.
| ^
Flavors: r-devel-linux-x86_64-debian-clang, r-devel-linux-x86_64-debian-gcc, r-devel-linux-x86_64-fedora-clang, r-devel-linux-x86_64-fedora-gcc, r-devel-windows-x86_64, r-patched-linux-x86_64, r-release-linux-x86_64, r-release-macos-arm64, r-release-macos-x86_64, r-release-windows-x86_64, r-oldrel-macos-arm64, r-oldrel-macos-x86_64, r-oldrel-windows-x86_64