Last updated on 2025-11-12 02:52:51 CET.
| Flavor | Version | Tinstall | Tcheck | Ttotal | Status | Flags |
|---|---|---|---|---|---|---|
| r-devel-linux-x86_64-debian-clang | 0.2.12 | 39.15 | 97.73 | 136.88 | OK | |
| r-devel-linux-x86_64-debian-gcc | 0.2.12 | 31.35 | 71.81 | 103.16 | OK | |
| r-devel-linux-x86_64-fedora-clang | 0.2.12 | 128.00 | 103.93 | 231.93 | OK | |
| r-devel-linux-x86_64-fedora-gcc | 0.2.12 | 108.00 | 134.14 | 242.14 | OK | |
| r-devel-windows-x86_64 | 0.2.12 | 44.00 | 120.00 | 164.00 | OK | |
| r-patched-linux-x86_64 | 0.2.12 | 45.04 | 94.74 | 139.78 | OK | |
| r-release-linux-x86_64 | 0.2.12 | 45.37 | 94.16 | 139.53 | OK | |
| r-release-macos-arm64 | 0.2.12 | 17.00 | 42.00 | 59.00 | OK | |
| r-release-macos-x86_64 | 0.2.12 | 34.00 | 90.00 | 124.00 | OK | |
| r-release-windows-x86_64 | 0.2.12 | 45.00 | 122.00 | 167.00 | OK | |
| r-oldrel-macos-arm64 | 0.2.12 | 17.00 | 47.00 | 64.00 | NOTE | |
| r-oldrel-macos-x86_64 | 0.2.12 | 40.00 | 94.00 | 134.00 | NOTE | |
| r-oldrel-windows-x86_64 | 0.2.12 | 54.00 | 151.00 | 205.00 | OK |
Version: 0.2.12
Check: installed package size
Result: NOTE
installed size is 13.1Mb
sub-directories of 1Mb or more:
libs 12.7Mb
Flavors: r-oldrel-macos-arm64, r-oldrel-macos-x86_64