Last updated on 2025-11-12 01:48:52 CET.
| Flavor | Version | Tinstall | Tcheck | Ttotal | Status | Flags |
|---|---|---|---|---|---|---|
| r-devel-linux-x86_64-debian-clang | 0.1.1 | 8.16 | 65.79 | 73.95 | OK | |
| r-devel-linux-x86_64-debian-gcc | 0.1.1 | 5.40 | 49.30 | 54.70 | OK | |
| r-devel-linux-x86_64-fedora-clang | 0.1.1 | 28.00 | 91.67 | 119.67 | OK | |
| r-devel-linux-x86_64-fedora-gcc | 0.1.1 | 18.00 | 91.18 | 109.18 | OK | |
| r-devel-windows-x86_64 | 0.1.1 | 9.00 | 74.00 | 83.00 | OK | |
| r-patched-linux-x86_64 | 0.1.1 | 6.82 | 63.80 | 70.62 | OK | |
| r-release-linux-x86_64 | 0.1.1 | 7.10 | 64.96 | 72.06 | OK | |
| r-release-macos-arm64 | 0.1.1 | 5.00 | 37.00 | 42.00 | OK | |
| r-release-macos-x86_64 | 0.1.1 | 10.00 | 71.00 | 81.00 | OK | |
| r-release-windows-x86_64 | 0.1.1 | 10.00 | 72.00 | 82.00 | OK | |
| r-oldrel-macos-arm64 | 0.1.1 | 3.00 | 26.00 | 29.00 | NOTE | |
| r-oldrel-macos-x86_64 | 0.1.1 | 4.00 | 39.00 | 43.00 | NOTE | |
| r-oldrel-windows-x86_64 | 0.1.1 | 12.00 | 92.00 | 104.00 | NOTE |
Version: 0.1.1
Check: LazyData
Result: NOTE
'LazyData' is specified without a 'data' directory
Flavors: r-oldrel-macos-arm64, r-oldrel-macos-x86_64, r-oldrel-windows-x86_64