Last updated on 2025-11-12 01:48:53 CET.
| Flavor | Version | Tinstall | Tcheck | Ttotal | Status | Flags |
|---|---|---|---|---|---|---|
| r-devel-linux-x86_64-debian-clang | 0.1.0 | 10.87 | 101.21 | 112.08 | NOTE | |
| r-devel-linux-x86_64-debian-gcc | 0.1.0 | 8.02 | 78.74 | 86.76 | NOTE | |
| r-devel-linux-x86_64-fedora-clang | 0.1.0 | 28.00 | 159.90 | 187.90 | OK | |
| r-devel-linux-x86_64-fedora-gcc | 0.1.0 | 29.00 | 162.20 | 191.20 | OK | |
| r-devel-windows-x86_64 | 0.1.0 | 11.00 | 102.00 | 113.00 | OK | |
| r-patched-linux-x86_64 | 0.1.0 | 9.72 | 99.02 | 108.74 | OK | |
| r-release-linux-x86_64 | 0.1.0 | 9.46 | 98.57 | 108.03 | OK | |
| r-release-macos-arm64 | 0.1.0 | 5.00 | 62.00 | 67.00 | OK | |
| r-release-macos-x86_64 | 0.1.0 | 10.00 | 119.00 | 129.00 | OK | |
| r-release-windows-x86_64 | 0.1.0 | 12.00 | 99.00 | 111.00 | OK | |
| r-oldrel-macos-arm64 | 0.1.0 | 6.00 | 63.00 | 69.00 | OK | |
| r-oldrel-macos-x86_64 | 0.1.0 | 8.00 | 89.00 | 97.00 | OK | |
| r-oldrel-windows-x86_64 | 0.1.0 | 15.00 | 132.00 | 147.00 | OK |
Version: 0.1.0
Check: CRAN incoming feasibility
Result: NOTE
Maintainer: ‘Sixing Hao <s.hao3@lse.ac.uk>’
The Description field contains
(2022)<arXiv:2201.02023>.
Please refer to arXiv e-prints via their arXiv DOI <doi:10.48550/arXiv.YYMM.NNNNN>.
Flavors: r-devel-linux-x86_64-debian-clang, r-devel-linux-x86_64-debian-gcc