CRAN Package Check Results for Package BMRBr

Last updated on 2025-11-11 02:50:36 CET.

Flavor Version Tinstall Tcheck Ttotal Status Flags
r-devel-linux-x86_64-debian-clang 0.2.0 2.65 33.84 36.49 NOTE
r-devel-linux-x86_64-debian-gcc 0.2.0 2.08 26.37 28.45 NOTE
r-devel-linux-x86_64-fedora-clang 0.2.0 57.54 NOTE
r-devel-linux-x86_64-fedora-gcc 0.2.0 11.00 62.15 73.15 NOTE
r-devel-windows-x86_64 0.2.0 5.00 52.00 57.00 NOTE
r-patched-linux-x86_64 0.2.0 2.54 32.13 34.67 NOTE
r-release-linux-x86_64 0.2.0 2.47 32.64 35.11 NOTE
r-release-macos-arm64 0.2.0 2.00 46.00 48.00 NOTE
r-release-macos-x86_64 0.2.0 3.00 70.00 73.00 NOTE
r-release-windows-x86_64 0.2.0 6.00 53.00 59.00 NOTE
r-oldrel-macos-arm64 0.2.0 2.00 37.00 39.00 NOTE
r-oldrel-macos-x86_64 0.2.0 3.00 47.00 50.00 NOTE
r-oldrel-windows-x86_64 0.2.0 7.00 62.00 69.00 NOTE

Check Details

Version: 0.2.0
Check: package subdirectories
Result: NOTE Problems with news in ‘NEWS.md’: No news entries found. Flavors: r-devel-linux-x86_64-debian-clang, r-devel-linux-x86_64-debian-gcc, r-devel-linux-x86_64-fedora-clang, r-devel-linux-x86_64-fedora-gcc, r-devel-windows-x86_64, r-patched-linux-x86_64, r-release-linux-x86_64, r-release-macos-arm64, r-release-macos-x86_64, r-release-windows-x86_64, r-oldrel-macos-arm64, r-oldrel-macos-x86_64, r-oldrel-windows-x86_64

Version: 0.2.0
Check: LazyData
Result: NOTE 'LazyData' is specified without a 'data' directory Flavors: r-oldrel-macos-arm64, r-oldrel-macos-x86_64, r-oldrel-windows-x86_64