Last updated on 2025-11-02 02:50:40 CET.
| Flavor | Version | Tinstall | Tcheck | Ttotal | Status | Flags |
|---|---|---|---|---|---|---|
| r-devel-linux-x86_64-debian-clang | 1.87.0-1 | 4.78 | 41.52 | 46.30 | OK | |
| r-devel-linux-x86_64-debian-gcc | 1.87.0-1 | 4.28 | 34.82 | 39.10 | OK | |
| r-devel-linux-x86_64-fedora-clang | 1.87.0-1 | 66.34 | OK | |||
| r-devel-linux-x86_64-fedora-gcc | 1.87.0-1 | 66.32 | OK | |||
| r-devel-windows-x86_64 | 1.87.0-1 | 85.00 | 54.00 | 139.00 | OK | |
| r-patched-linux-x86_64 | 1.87.0-1 | 4.66 | 39.31 | 43.97 | OK | |
| r-release-linux-x86_64 | 1.87.0-1 | 4.19 | 39.09 | 43.28 | OK | |
| r-release-macos-arm64 | 1.87.0-1 | 6.00 | 57.00 | 63.00 | OK | |
| r-release-macos-x86_64 | 1.87.0-1 | 16.00 | 110.00 | 126.00 | OK | |
| r-release-windows-x86_64 | 1.87.0-1 | 98.00 | 53.00 | 151.00 | OK | |
| r-oldrel-macos-arm64 | 1.87.0-1 | 6.00 | 57.00 | 63.00 | NOTE | |
| r-oldrel-macos-x86_64 | 1.87.0-1 | 12.00 | 112.00 | 124.00 | NOTE | |
| r-oldrel-windows-x86_64 | 1.87.0-1 | 94.00 | 73.00 | 167.00 | NOTE |
Version: 1.87.0-1
Check: installed package size
Result: NOTE
installed size is 166.1Mb
sub-directories of 1Mb or more:
include 166.0Mb
Flavors: r-oldrel-macos-arm64, r-oldrel-macos-x86_64, r-oldrel-windows-x86_64