Last updated on 2025-11-12 01:48:52 CET.
| Flavor | Version | Tinstall | Tcheck | Ttotal | Status | Flags |
|---|---|---|---|---|---|---|
| r-devel-linux-x86_64-debian-clang | 1.1.1 | 5.69 | 43.98 | 49.67 | OK | |
| r-devel-linux-x86_64-debian-gcc | 1.1.1 | 3.92 | 34.39 | 38.31 | OK | |
| r-devel-linux-x86_64-fedora-clang | 1.1.1 | 11.00 | 63.48 | 74.48 | OK | |
| r-devel-linux-x86_64-fedora-gcc | 1.1.1 | 23.00 | 49.38 | 72.38 | OK | |
| r-devel-windows-x86_64 | 1.1.1 | 7.00 | 62.00 | 69.00 | OK | |
| r-patched-linux-x86_64 | 1.1.1 | 5.13 | 42.38 | 47.51 | OK | |
| r-release-linux-x86_64 | 1.1.1 | 5.02 | 42.22 | 47.24 | OK | |
| r-release-macos-arm64 | 1.1.1 | 3.00 | 27.00 | 30.00 | OK | |
| r-release-macos-x86_64 | 1.1.1 | 6.00 | 40.00 | 46.00 | OK | |
| r-release-windows-x86_64 | 1.1.1 | 6.00 | 55.00 | 61.00 | OK | |
| r-oldrel-macos-arm64 | 1.1.1 | 3.00 | 36.00 | 39.00 | NOTE | |
| r-oldrel-macos-x86_64 | 1.1.1 | 4.00 | 57.00 | 61.00 | NOTE | |
| r-oldrel-windows-x86_64 | 1.1.1 | 8.00 | 68.00 | 76.00 | OK |
Version: 1.1.1
Check: package dependencies
Result: NOTE
Package suggested but not available for checking: ‘INLA’
Flavors: r-oldrel-macos-arm64, r-oldrel-macos-x86_64
Version: 1.1.1
Check: Rd cross-references
Result: NOTE
Package unavailable to check Rd xrefs: ‘INLA’
Flavors: r-oldrel-macos-arm64, r-oldrel-macos-x86_64